000
CDUS45 KBOU 180800
CLIDEN


CLIMATE REPORT
NATIONAL WEATHER SERVICE DENVER CO
200 AM MDT SAT APR 18 2015


...................................

...THE DENVER CO CLIMATE SUMMARY FOR APRIL 17 2015...

CLIMATE NORMAL PERIOD 1981 TO 2010
CLIMATE RECORD PERIOD 1872 TO 2015


WEATHER ITEM   OBSERVED TIME   RECORD YEAR NORMAL DEPARTURE LAST
                VALUE   (LST)  VALUE       VALUE  FROM      YEAR
                                                  NORMAL
..................................................................
TEMPERATURE (F)
 YESTERDAY
  MAXIMUM         51    445 PM  83    2006  62    -11       64
                                      1987
  MINIMUM         33    218 AM  13    1901  34     -1       29
  AVERAGE         42                        48     -6       47

PRECIPITATION (IN)
  YESTERDAY        0.30          1.16 2009   0.06   0.24     0.00
  MONTH TO DATE    1.80                      0.82   0.98     0.69
  SINCE MAR 1      2.59                      1.74   0.85     1.52
  SINCE JAN 1      4.22                      2.52   1.70     2.65

SNOWFALL (IN)
  YESTERDAY          T
  MONTH TO DATE    5.3
  SINCE MAR 1      8.2
  SINCE JUL 1     53.8
  SNOW DEPTH       2


DEGREE DAYS
 HEATING
  YESTERDAY       23                        18      5       18
  MONTH TO DATE  286                       327    -41      321
  SINCE MAR 1    897                      1090   -193     1060
  SINCE JUL 1   5010                      5529   -519     5579

 COOLING
  YESTERDAY        0                         0      0        0
  MONTH TO DATE    0                         0      0        0
  SINCE MAR 1      0                         0      0        0
  SINCE JAN 1      0                         0      0        0
..................................................................


WIND (MPH)
  HIGHEST WIND SPEED    26   HIGHEST WIND DIRECTION     S (190)
  HIGHEST GUST SPEED    33   HIGHEST GUST DIRECTION     S (180)
  AVERAGE WIND SPEED     9.8


SKY COVER **
  POSSIBLE SUNSHINE  MM
  AVERAGE SKY COVER 0.9


WEATHER CONDITIONS
 THE FOLLOWING WEATHER WAS RECORDED YESTERDAY.
  THUNDERSTORM
  HEAVY RAIN
  RAIN
  LIGHT RAIN
  SNOW
  FOG
  FOG W/VISIBILITY <= 1/4 MILE


RELATIVE HUMIDITY (PERCENT)
 HIGHEST   100          1200 AM
 LOWEST     54           400 PM
 AVERAGE    77

..........................................................


THE DENVER CO CLIMATE NORMALS FOR TODAY
                         NORMAL    RECORD    YEAR
 MAXIMUM TEMPERATURE (F)   62        82      1987
 MINIMUM TEMPERATURE (F)   34         8      1953


SUNRISE AND SUNSET
APRIL 18 2015.........SUNRISE   617 AM MST   SUNSET   739 PM MST
APRIL 19 2015.........SUNRISE   615 AM MST   SUNSET   740 PM MST


-  INDICATES NEGATIVE NUMBERS.
R  INDICATES RECORD WAS SET OR TIED.
MM INDICATES DATA IS MISSING.
T  INDICATES TRACE AMOUNT.

&&

** SUNSHINE DATA WILL NO LONGER BE AVAILABLE EFFECTIVE OCTOBER 1ST 2009.




$$
