000
CDUS45 KBOU 012341
CLIDEN


CLIMATE REPORT
NATIONAL WEATHER SERVICE DENVER CO
541 PM MDT WED APR 1 2015


...................................

...THE DENVER CO CLIMATE SUMMARY FOR APRIL 1 2015...
VALID TODAY AS OF 0500 PM LOCAL TIME.

CLIMATE NORMAL PERIOD 1981 TO 2010
CLIMATE RECORD PERIOD 1872 TO 2015


WEATHER ITEM   OBSERVED TIME   RECORD YEAR NORMAL DEPARTURE LAST
                VALUE   (LST)  VALUE       VALUE  FROM      YEAR
                                                  NORMAL
..................................................................
TEMPERATURE (F)
 TODAY
  MAXIMUM         73   1104 AM  84    2012  58     15       59
  MINIMUM         52    638 AM  10    1975  30     22       31
  AVERAGE         63                        44     19       45

PRECIPITATION (IN)
  TODAY            T             1.29 1905   0.04  -0.04     0.00
  MONTH TO DATE    T                         0.04  -0.04     0.00
  SINCE MAR 1      0.79                      0.96  -0.17     0.83
  SINCE JAN 1      2.42                      1.74   0.68     1.96

DEGREE DAYS
 HEATING
  TODAY            2                        21    -19       20
  MONTH TO DATE    2                        21    -19       20
  SINCE MAR 1    613                       784   -171      759
  SINCE JUL 1   4726                      5223   -497     5278

 COOLING
  TODAY            0                         0      0        0
  MONTH TO DATE    0                         0      0        0
  SINCE MAR 1      0                         0      0        0
  SINCE JAN 1      0                         0      0        0
..................................................................


WIND (MPH)
  HIGHEST WIND SPEED    26   HIGHEST WIND DIRECTION     W (280)
  HIGHEST GUST SPEED    32   HIGHEST GUST DIRECTION    SW (240)
  AVERAGE WIND SPEED    11.9


SKY COVER **
  POSSIBLE SUNSHINE  MM
  AVERAGE SKY COVER 0.6


WEATHER CONDITIONS
 THE FOLLOWING WEATHER WAS RECORDED TODAY.
  NO SIGNIFICANT WEATHER WAS OBSERVED.


RELATIVE HUMIDITY (PERCENT)
 HIGHEST    35           400 AM
 LOWEST     15          1100 AM
 AVERAGE    25

..........................................................


THE DENVER CO CLIMATE NORMALS FOR TOMORROW
                         NORMAL    RECORD    YEAR
 MAXIMUM TEMPERATURE (F)   59        84      2011
 MINIMUM TEMPERATURE (F)   30        -2      1975


SUNRISE AND SUNSET
APRIL  1 2015.........SUNRISE   643 AM MST   SUNSET   722 PM MST
APRIL  2 2015.........SUNRISE   641 AM MST   SUNSET   723 PM MST


-  INDICATES NEGATIVE NUMBERS.
R  INDICATES RECORD WAS SET OR TIED.
MM INDICATES DATA IS MISSING.
T  INDICATES TRACE AMOUNT.




$$
