000
CDUS44 KSHV 050731
CLIDEQ


CLIMATE REPORT
NATIONAL WEATHER SERVICE SHREVEPORT, LA
231 AM CDT TUE MAY 5 2015


...................................

...THE DE QUEEN CLIMATE SUMMARY FOR MAY 4 2015...

CLIMATE NORMAL PERIOD 1981 TO 2010
CLIMATE RECORD PERIOD 1902 TO 2015


WEATHER ITEM   OBSERVED TIME   RECORD YEAR NORMAL DEPARTURE LAST
                VALUE   (LST)  VALUE       VALUE  FROM      YEAR
                                                  NORMAL
..................................................................
TEMPERATURE (F)
 YESTERDAY
  MAXIMUM         82    355 PM  89    2014  78      4       89
                                      1952
  MINIMUM         56    401 AM  33    2013  55      1       46
  AVERAGE         69                        67      2       68

PRECIPITATION (IN)
  YESTERDAY        0.00          4.15 1974   0.23  -0.23     0.00
  MONTH TO DATE    0.00                      0.93  -0.93     0.00
  SINCE DEC 1     17.94                     20.86  -2.92    10.33
  SINCE JAN 1     16.22                     16.50  -0.28     8.40

SNOWFALL (IN)
  YESTERDAY        0.0
  MONTH TO DATE    0.0
  SINCE MAR 1      2.6
  SINCE JUL 1      7.9
  SNOW DEPTH       0

DEGREE DAYS
 HEATING
  YESTERDAY        0                         2     -2        0
  MONTH TO DATE    2                         8     -6       23
  SINCE MAR 1    447                       538    -91      664
  SINCE JUL 1   3099                      3029     70     3436

 COOLING
  YESTERDAY        4                         3      1        3
  MONTH TO DATE    7                        12     -5        3
  SINCE MAR 1     55                        57     -2       41
  SINCE JAN 1     55                        59     -4       41
..................................................................


WIND (MPH)
  HIGHEST WIND SPEED    13   HIGHEST WIND DIRECTION     S (160)
  HIGHEST GUST SPEED    17   HIGHEST GUST DIRECTION     S (180)
  AVERAGE WIND SPEED     4.4


SKY COVER
  POSSIBLE SUNSHINE  MM
  AVERAGE SKY COVER 0.3


WEATHER CONDITIONS
 THE FOLLOWING WEATHER WAS RECORDED YESTERDAY.
  FOG


RELATIVE HUMIDITY (PERCENT)
 HIGHEST   100          1200 AM
 LOWEST     40           300 PM
 AVERAGE    70

..........................................................


THE DE QUEEN CLIMATE NORMALS FOR TODAY
                         NORMAL    RECORD    YEAR
 MAXIMUM TEMPERATURE (F)   78        92      1955
 MINIMUM TEMPERATURE (F)   55        37      2013


SUNRISE AND SUNSET
MAY  5 2015...........SUNRISE   625 AM CDT   SUNSET   804 PM CDT
MAY  6 2015...........SUNRISE   624 AM CDT   SUNSET   805 PM CDT


-  INDICATES NEGATIVE NUMBERS.
R  INDICATES RECORD WAS SET OR TIED.
MM INDICATES DATA IS MISSING.
T  INDICATES TRACE AMOUNT.




$$
