000
CDUS44 KFWD 060639
CLIDFW


CLIMATE REPORT
NATIONAL WEATHER SERVICE FORT WORTH TX
140 AM CDT WED MAY 6 2015

...................................

...THE DALLAS FORT WORTH CLIMATE SUMMARY FOR MAY 5 2015...

CLIMATE NORMAL PERIOD 1981 TO 2010
CLIMATE RECORD PERIOD 1898 TO 2015


WEATHER ITEM   OBSERVED TIME   RECORD YEAR NORMAL DEPARTURE LAST
                VALUE   (LST)  VALUE       VALUE  FROM      YEAR
                                                  NORMAL
..................................................................
TEMPERATURE (F)
 YESTERDAY
  MAXIMUM         81    245 PM  95    1984  81      0       92
  MINIMUM         61    604 AM  44    1935  61      0       62
                                      1917
  AVERAGE         71                        71      0       77

PRECIPITATION (IN)
  YESTERDAY        0.14          3.50 1995   0.16  -0.02     0.00
  MONTH TO DATE    0.14                      0.77  -0.63     0.00
  SINCE MAR 1      8.23                      7.33   0.90     3.19
  SINCE JAN 1     14.81                     12.12   2.69     3.93

DEGREE DAYS
 HEATING
  YESTERDAY        0                         1     -1        0
  MONTH TO DATE    0                         5     -5        6
  SINCE MAR 1    357                       349      8      427
  SINCE JUL 1   2393                      2281    112     2600

 COOLING
  YESTERDAY        6                         6      0       12
  MONTH TO DATE   27                        29     -2       33
  SINCE MAR 1    150                       160    -10      200
  SINCE JAN 1    150                       167    -17      200
..................................................................


WIND (MPH)
  HIGHEST WIND SPEED    30   HIGHEST WIND DIRECTION    SE (130)
  HIGHEST GUST SPEED    38   HIGHEST GUST DIRECTION    SE (140)
  AVERAGE WIND SPEED    15.5


SKY COVER
  POSSIBLE SUNSHINE  MM
  AVERAGE SKY COVER 0.8


WEATHER CONDITIONS
 THE FOLLOWING WEATHER WAS RECORDED YESTERDAY.
  THUNDERSTORM
  HEAVY RAIN
  RAIN
  LIGHT RAIN
  FOG


RELATIVE HUMIDITY (PERCENT)
 HIGHEST    90           500 AM
 LOWEST     62           100 PM
 AVERAGE    76

..........................................................


THE DALLAS FORT WORTH CLIMATE NORMALS FOR TODAY
                         NORMAL    RECORD    YEAR
 MAXIMUM TEMPERATURE (F)   81       100      1998
 MINIMUM TEMPERATURE (F)   61        45      1935


SUNRISE AND SUNSET
MAY  6 2015...........SUNRISE   636 AM CDT   SUNSET   814 PM CDT
MAY  7 2015...........SUNRISE   635 AM CDT   SUNSET   814 PM CDT


-  INDICATES NEGATIVE NUMBERS.
R  INDICATES RECORD WAS SET OR TIED.
MM INDICATES DATA IS MISSING.
T  INDICATES TRACE AMOUNT.

$$
