000
CDUS45 KCYS 030744
CLIDGW


CLIMATE REPORT
NATIONAL WEATHER SERVICE CHEYENNE WY
144 AM MDT SUN MAY 3 2015


...................................

...THE DOUGLAS WY AIRPORT CLIMATE SUMMARY FOR MAY 2 2015...

CLIMATE NORMAL PERIOD 1981 TO 2010
CLIMATE RECORD PERIOD 1998 TO 2015


WEATHER ITEM   OBSERVED TIME   RECORD YEAR NORMAL DEPARTURE LAST
                VALUE   (LST)  VALUE       VALUE  FROM      YEAR
                                                  NORMAL
..................................................................
TEMPERATURE (F)
 YESTERDAY
  MAXIMUM         78    320 PM  81    2000  63     15       76
  MINIMUM         38    450 AM  17    2005  34      4       32
  AVERAGE         58                        48     10       54

PRECIPITATION (IN)
  YESTERDAY        0.00          0.13 2008   0.08  -0.08     0.00
                                      2001
  MONTH TO DATE    0.00                      0.17  -0.17     0.00
  SINCE JAN 1      4.63                      3.32   1.31     3.55

DEGREE DAYS
 HEATING
  YESTERDAY        7                        17    -10       11
  MONTH TO DATE   20                        34    -14       30
  SINCE MAR 1   1382                      1591   -209     1559
  SINCE JUL 1   6385                      6991   -606     7149

 COOLING
  YESTERDAY        0                         0      0        0
  MONTH TO DATE    0                         0      0        0
  SINCE MAR 1      1                         0      1        0
  SINCE JAN 1      1                         0      1        0
..................................................................


WIND (MPH)
  HIGHEST WIND SPEED    25   HIGHEST WIND DIRECTION    SW (230)
  HIGHEST GUST SPEED    35   HIGHEST GUST DIRECTION    SW (240)
  AVERAGE WIND SPEED     9.2


SKY COVER
  AVERAGE SKY COVER 0.2


WEATHER CONDITIONS
 THE FOLLOWING WEATHER WAS RECORDED YESTERDAY.
  FOG
  FOG W/VISIBILITY <= 1/4 MILE


RELATIVE HUMIDITY (PERCENT)
 HIGHEST   100           600 AM
 LOWEST     16           400 PM
 AVERAGE    58

..........................................................


THE DOUGLAS WY AIRPORT CLIMATE NORMALS FOR TODAY
                         NORMAL    RECORD    YEAR
 MAXIMUM TEMPERATURE (F)   63        79      2014
                                             2004
 MINIMUM TEMPERATURE (F)   34        17      2008


SUNRISE AND SUNSET
MAY  3 2015...........SUNRISE   553 AM MDT   SUNSET   804 PM MDT
MAY  4 2015...........SUNRISE   552 AM MDT   SUNSET   805 PM MDT


-  INDICATES NEGATIVE NUMBERS.
R  INDICATES RECORD WAS SET OR TIED.
MM INDICATES DATA IS MISSING.
T  INDICATES TRACE AMOUNT.




$$
