000
CDUS43 KBIS 260028
CLIDIK


CLIMATE REPORT
NATIONAL WEATHER SERVICE BISMARCK ND
728 PM CDT SAT APR 25 2015


...................................

...THE DICKINSON ND CLIMATE SUMMARY FOR APRIL 25 2015...
VALID TODAY AS OF 0700 PM LOCAL TIME.

CLIMATE NORMAL PERIOD 1981 TO 2010
CLIMATE RECORD PERIOD 1893 TO 2015


WEATHER ITEM   OBSERVED TIME   RECORD YEAR NORMAL DEPARTURE LAST
                VALUE   (LST)  VALUE       VALUE  FROM      YEAR
                                                  NORMAL
..................................................................
TEMPERATURE (F)
 TODAY
  MAXIMUM         50        MM  82    1952  60    -10       69
  MINIMUM         40        MM  13    1907  33      7       37
  AVERAGE         45                        46     -1       53

PRECIPITATION (IN)
  TODAY            0.00          1.49 1899   0.06  -0.06     0.00
  MONTH TO DATE    0.63                      1.14  -0.51     0.04
  SINCE MAR 1      1.10                      1.83  -0.73     0.54
  SINCE JAN 1      1.37                      2.46  -1.09     0.71

DEGREE DAYS
 HEATING
  TODAY           20                        19      1       12
  MONTH TO DATE  554                       591    -37      661
  SINCE MAR 1   1382                      1677   -295     1857
  SINCE JUL 1   7497                      7971   -474     8499

 COOLING
  TODAY            0                         0      0        0
  MONTH TO DATE    0                         0      0        0
  SINCE MAR 1      0                         0      0        0
  SINCE JAN 1      0                         0      0        0
..................................................................


WIND (MPH)
  RESULTANT WIND SPEED  14   RESULTANT WIND DIRECTION  SE (130)
  HIGHEST WIND SPEED    18   HIGHEST WIND DIRECTION    SE (140)
  HIGHEST GUST SPEED    24   HIGHEST GUST DIRECTION    SE (130)
  AVERAGE WIND SPEED    14.5


SKY COVER
  POSSIBLE SUNSHINE  MM
  AVERAGE SKY COVER 0.9


WEATHER CONDITIONS
 THE FOLLOWING WEATHER WAS RECORDED TODAY.
  FOG
  FOG W/VISIBILITY <= 1/4 MILE


RELATIVE HUMIDITY (PERCENT)
 HIGHEST   100           900 AM
 LOWEST     80           100 PM
 AVERAGE    90

..........................................................


THE DICKINSON ND CLIMATE NORMALS FOR TOMORROW
                         NORMAL    RECORD    YEAR
 MAXIMUM TEMPERATURE (F)   60        87      1952
 MINIMUM TEMPERATURE (F)   33        16      1931


SUNRISE AND SUNSET
APRIL 25 2015.........SUNRISE   546 AM MDT   SUNSET   753 PM MDT
APRIL 26 2015.........SUNRISE   545 AM MDT   SUNSET   754 PM MDT


-  INDICATES NEGATIVE NUMBERS.
R  INDICATES RECORD WAS SET OR TIED.
MM INDICATES DATA IS MISSING.
T  INDICATES TRACE AMOUNT.




$$
