000
CDUS45 KTFX 190733
CLIDLN


CLIMATE REPORT
NATIONAL WEATHER SERVICE GREAT FALLS MT
132 AM MDT SUN APR 19 2015


...................................

...THE DILLON AIRPORT MT CLIMATE SUMMARY FOR APRIL 18 2015...

CLIMATE NORMAL PERIOD 1981 TO 2010
CLIMATE RECORD PERIOD 1929 TO 2015


WEATHER ITEM   OBSERVED TIME   RECORD YEAR NORMAL DEPARTURE LAST
                VALUE   (LST)  VALUE       VALUE  FROM      YEAR
                                                  NORMAL
..................................................................
TEMPERATURE (F)
 YESTERDAY
  MAXIMUM         65    225 PM  77    1962  55     10       59
  MINIMUM         33    541 AM  11    1941  29      4       30
  AVERAGE         49                        42      7       45

PRECIPITATION (IN)
  YESTERDAY        0.00          0.71 2005   0.04  -0.04     0.03
  MONTH TO DATE    0.45                      0.60  -0.15     0.04
  SINCE OCT 1      1.95                      3.08  -1.13     1.10
  SINCE JAN 1      0.79                      1.68  -0.89     0.61

SNOWFALL (IN)
  YESTERDAY       MM
  SNOW DEPTH       0

DEGREE DAYS
 HEATING
  YESTERDAY       16                               -7       20
  MONTH TO DATE  470                               18      414
  SINCE MAR 1   1191                             -211     1338
  SINCE JUL 1   6303                            -1016     7118

 COOLING
  YESTERDAY        0                                0        0
  MONTH TO DATE    0                                0        0
  SINCE MAR 1      0                                0        0
  SINCE JAN 1      0                                0        0
..................................................................


WIND (MPH)
  HIGHEST WIND SPEED    35   HIGHEST WIND DIRECTION    NE (30)
  HIGHEST GUST SPEED    39   HIGHEST GUST DIRECTION    NE (30)
  AVERAGE WIND SPEED    12.8


SKY COVER
  AVERAGE SKY COVER 0.0


WEATHER CONDITIONS
 THE FOLLOWING WEATHER WAS RECORDED YESTERDAY.
  NO SIGNIFICANT WEATHER WAS OBSERVED.


RELATIVE HUMIDITY (PERCENT)
 HIGHEST    70
 LOWEST     19
 AVERAGE    45

..........................................................


THE DILLON AIRPORT MT CLIMATE NORMALS FOR TODAY
                         NORMAL    RECORD    YEAR
 MAXIMUM TEMPERATURE (F)   56        80      1962
 MINIMUM TEMPERATURE (F)   29         1      1941


SUNRISE AND SUNSET
APRIL 19 2015.........SUNRISE   639 AM MDT   SUNSET   821 PM MDT
APRIL 20 2015.........SUNRISE   637 AM MDT   SUNSET   822 PM MDT


-  INDICATES NEGATIVE NUMBERS.
R  INDICATES RECORD WAS SET OR TIED.
MM INDICATES DATA IS MISSING.
T  INDICATES TRACE AMOUNT.




$$
