000
CDUS41 KLWX 260533
CLIDMH


CLIMATE REPORT
NATIONAL WEATHER SERVICE BALTIMORE MD/WASHINGTON DC
132 AM EDT SUN APR 26 2015


...................................

...THE BALTIMORE INNER HARBOR MD CLIMATE SUMMARY FOR APRIL 25 2015...

CLIMATE NORMAL PERIOD 1981 TO 2010
CLIMATE RECORD PERIOD 9999 TO 9999


WEATHER ITEM   OBSERVED TIME   RECORD YEAR NORMAL DEPARTURE LAST
                VALUE   (LST)  VALUE       VALUE  FROM      YEAR
                                                  NORMAL
..................................................................
TEMPERATURE (F)
 YESTERDAY
  MAXIMUM         55    145 PM  MM      MM  69    -14       66
  MINIMUM         43    354 AM  MM      MM  50     -7       49
  AVERAGE         49                        60    -11       58

PRECIPITATION (IN)
  YESTERDAY        0.00         MM      MM   0.10  -0.10     0.63
  MONTH TO DATE    2.95                      2.71   0.24     3.63
  SINCE MAR 1      7.39                      6.57   0.82     7.83
  SINCE JAN 1     13.21                     12.09   1.12    14.16

DEGREE DAYS
 HEATING
  YESTERDAY       16                         6     10        7
  MONTH TO DATE  200                       249    -49      246
  SINCE MAR 1    809                       828    -19      980
  SINCE JUL 1   4323                      3916    407     4050

 COOLING
  YESTERDAY        0                         1     -1        0
  MONTH TO DATE    8                        18    -10       14
  SINCE MAR 1      8                        19    -11       14
  SINCE JAN 1      8                        19    -11       14
..................................................................


WIND (MPH)
  HIGHEST WIND SPEED    MM   HIGHEST WIND DIRECTION    MM
  HIGHEST GUST SPEED    MM   HIGHEST GUST DIRECTION    MM
  AVERAGE WIND SPEED    MM


SKY COVER
  POSSIBLE SUNSHINE  MM



RELATIVE HUMIDITY (PERCENT)
 HIGHEST    83           900 PM
 LOWEST     29           100 AM
 AVERAGE    56

..........................................................


THE BALTIMORE INNER HARBOR MD CLIMATE NORMALS FOR TODAY
                         NORMAL
 MAXIMUM TEMPERATURE (F)   69
 MINIMUM TEMPERATURE (F)   51


SUNRISE AND SUNSET
APRIL 26 2015.........SUNRISE   615 AM EDT   SUNSET   755 PM EDT
APRIL 27 2015.........SUNRISE   613 AM EDT   SUNSET   756 PM EDT


-  INDICATES NEGATIVE NUMBERS.
R  INDICATES RECORD WAS SET OR TIED.
MM INDICATES DATA IS MISSING.
T  INDICATES TRACE AMOUNT.




$$
