000
CDUS45 KTWC 020029
CLIDUG

CLIMATE REPORT
NATIONAL WEATHER SERVICE TUCSON AZ
527 PM MST WED APR 1 2015


...................................

...THE DOUGLAS AZ CLIMATE SUMMARY FOR APRIL 1 2015...
VALID TODAY AS OF 0500 PM LOCAL TIME.

CLIMATE NORMAL PERIOD 1981 TO 2010
CLIMATE RECORD PERIOD 1948 TO 2015


WEATHER ITEM   OBSERVED TIME   RECORD YEAR NORMAL DEPARTURE LAST
                VALUE   (LST)  VALUE       VALUE  FROM      YEAR
                                                  NORMAL
..................................................................
TEMPERATURE (F)
 TODAY
  MAXIMUM         81    314 PM  89    2011  76      5       78
  MINIMUM         47    529 AM  24    1988  39      8       46
  AVERAGE         64                        58      6       62

PRECIPITATION (IN)
  TODAY            0.00                      0.01  -0.01     0.00
  MONTH TO DATE    0.00                      0.01  -0.01     0.00
  SINCE OCT 1      4.40                      4.45  -0.05     1.26
  SINCE JAN 1      2.43                      1.90   0.53     0.44

DEGREE DAYS
 HEATING
  TODAY            1                         8     -7        3
  MONTH TO DATE    1                         8     -7        3
  SINCE MAR 1    239                       333    -94      253
  SINCE JUL 1   2077                      2369   -292     2217

 COOLING
  TODAY            0                         0      0        0
  MONTH TO DATE    0                         0      0        0
  SINCE MAR 1      4                         1      3        0
  SINCE JAN 1      4                         1      3        0
..................................................................


WIND (MPH)
  HIGHEST WIND SPEED    24   HIGHEST WIND DIRECTION    SW (230)
  HIGHEST GUST SPEED    29   HIGHEST GUST DIRECTION     W (260)
  AVERAGE WIND SPEED    10.4


SKY COVER
  POSSIBLE SUNSHINE  MM
  AVERAGE SKY COVER 0.0


WEATHER CONDITIONS
 THE FOLLOWING WEATHER WAS RECORDED TODAY.
  NO SIGNIFICANT WEATHER WAS OBSERVED.


RELATIVE HUMIDITY (PERCENT)
 HIGHEST    80
 LOWEST     16
 AVERAGE    48

..........................................................


THE DOUGLAS AZ CLIMATE NORMALS FOR TOMORROW
                         NORMAL    RECORD    YEAR
 MAXIMUM TEMPERATURE (F)   76        90      2011
 MINIMUM TEMPERATURE (F)   40        26      1970


SUNRISE AND SUNSET
APRIL  1 2015.........SUNRISE   607 AM MST   SUNSET   638 PM MST
APRIL  2 2015.........SUNRISE   606 AM MST   SUNSET   638 PM MST


-  INDICATES NEGATIVE NUMBERS.
R  INDICATES RECORD WAS SET OR TIED.
MM INDICATES DATA IS MISSING.
T  INDICATES TRACE AMOUNT.




$$
