000
CDUS46 KOTX 200051
CLIEAT


CLIMATE REPORT
NATIONAL WEATHER SERVICE SPOKANE, WA
550 PM PDT SUN APR 19 2015


...................................

...THE WENATCHEE WA PANGBORN FIELD CLIMATE SUMMARY FOR APRIL 19 2015...
VALID AS OF 0500 PM LOCAL TIME.

CLIMATE NORMAL PERIOD 1981 TO 2010
CLIMATE RECORD PERIOD 1959 TO 2015


WEATHER ITEM   OBSERVED TIME   RECORD YEAR NORMAL DEPARTURE LAST
                VALUE   (LST)  VALUE       VALUE  FROM      YEAR
                                                  NORMAL
..................................................................
TEMPERATURE (F)
 TODAY
  MAXIMUM         75    348 PM  76    2010  63     12       64
                                      1983
  MINIMUM         47    547 AM  29    2008  41      6       35
  AVERAGE         61                        52      9       50

PRECIPITATION (IN)
  TODAY            0.00          0.34 1970   0.01  -0.01      T
  MONTH TO DATE    0.30                      0.30   0.00     0.06
  SINCE OCT 1      5.66                      5.76  -0.10     2.51
  SINCE JAN 1      2.48                      2.81  -0.33     1.95

SNOWFALL (IN)
  TODAY           MM

DEGREE DAYS
 HEATING
  TODAY            4                        13     -9       15
  MONTH TO DATE  273                       276     -3      207
  SINCE MAR 1    710                       924   -214      851
  SINCE JUL 1   4339                      5388  -1049     5421

 COOLING
  TODAY            0                         0      0        0
  MONTH TO DATE    0                         0      0        0
  SINCE MAR 1      0                         2     -2        0
  SINCE JAN 1      0                         2     -2        0
..................................................................


WIND (MPH)
  HIGHEST WIND SPEED    14   HIGHEST WIND DIRECTION    SE (150)
  HIGHEST GUST SPEED    17   HIGHEST GUST DIRECTION    SE (140)
  AVERAGE WIND SPEED     5.4


SKY COVER
  POSSIBLE SUNSHINE  MM
  AVERAGE SKY COVER 0.0


WEATHER CONDITIONS
 THE FOLLOWING WEATHER WAS RECORDED TODAY.
  NO SIGNIFICANT WEATHER WAS OBSERVED.


RELATIVE HUMIDITY (PERCENT)
 HIGHEST    65           500 AM
 LOWEST     15           300 PM
 AVERAGE    40

..........................................................


THE WENATCHEE WA PANGBORN FIELD CLIMATE NORMALS FOR TOMORROW
                         NORMAL    RECORD    YEAR
 MAXIMUM TEMPERATURE (F)   63        83      2009
 MINIMUM TEMPERATURE (F)   41        27      1961


SUNRISE AND SUNSET
APRIL 19 2015.........SUNRISE   605 AM PDT   SUNSET   756 PM PDT
APRIL 20 2015.........SUNRISE   603 AM PDT   SUNSET   757 PM PDT


-  INDICATES NEGATIVE NUMBERS.
R  INDICATES RECORD WAS SET OR TIED.
MM INDICATES DATA IS MISSING.
T  INDICATES TRACE AMOUNT.




$$
