000
CDUS46 KOTX 030823
CLIEPH


CLIMATE REPORT
NATIONAL WEATHER SERVICE SPOKANE, WA
122 AM PDT SUN MAY 3 2015


...................................

...THE EPHRATA WA AIRPORT CLIMATE SUMMARY FOR MAY 2 2015...

CLIMATE NORMAL PERIOD 1981 TO 2010
CLIMATE RECORD PERIOD 9999 TO 9999


WEATHER ITEM   OBSERVED TIME   RECORD YEAR NORMAL DEPARTURE LAST
                VALUE   (LST)  VALUE       VALUE  FROM      YEAR
                                                  NORMAL
..................................................................
TEMPERATURE (F)
 YESTERDAY
  MAXIMUM         72    248 PM  85    2014  68      4       85
  MINIMUM         48    504 AM  30    1997  42      6       49
  AVERAGE         60                        55      5       67

PRECIPITATION (IN)
  YESTERDAY        0.00          0.24 2007   0.02  -0.02     0.00
  MONTH TO DATE    0.00                      0.03  -0.03     0.00
  SINCE OCT 1      5.67                      5.67   0.00     3.46
  SINCE JAN 1      2.88                      2.84   0.04     2.71

SNOWFALL (IN)
  YESTERDAY       MM

DEGREE DAYS
 HEATING
  YESTERDAY        5                        11     -6        0
  MONTH TO DATE    5                        22    -17        0
  SINCE MAR 1    914                      1146   -232     1041
  SINCE JUL 1   4608                      5719  -1111     5623

 COOLING
  YESTERDAY        0                         0      0        2
  MONTH TO DATE    0                         0      0        2
  SINCE MAR 1      0                         2     -2        2
  SINCE JAN 1      0                         2     -2        2
..................................................................


WIND (MPH)
  HIGHEST WIND SPEED    25   HIGHEST WIND DIRECTION    NW (310)
  HIGHEST GUST SPEED    31   HIGHEST GUST DIRECTION    NW (310)
  AVERAGE WIND SPEED     8.1


SKY COVER
  POSSIBLE SUNSHINE  MM
  AVERAGE SKY COVER 0.0


WEATHER CONDITIONS
 THE FOLLOWING WEATHER WAS RECORDED YESTERDAY.
  NO SIGNIFICANT WEATHER WAS OBSERVED.


RELATIVE HUMIDITY (PERCENT)
 HIGHEST    39           500 AM
 LOWEST     16           200 PM
 AVERAGE    28

..........................................................


THE EPHRATA WA AIRPORT CLIMATE NORMALS FOR TODAY
                         NORMAL    RECORD    YEAR
 MAXIMUM TEMPERATURE (F)   68        88      1966
 MINIMUM TEMPERATURE (F)   42        32      2001


SUNRISE AND SUNSET
MAY  3 2015...........SUNRISE   539 AM PDT   SUNSET   812 PM PDT
MAY  4 2015...........SUNRISE   537 AM PDT   SUNSET   813 PM PDT


-  INDICATES NEGATIVE NUMBERS.
R  INDICATES RECORD WAS SET OR TIED.
MM INDICATES DATA IS MISSING.
T  INDICATES TRACE AMOUNT.




$$
