000
CDUS46 KPQR 040220
CLIEUG


CLIMATE REPORT
NATIONAL WEATHER SERVICE PORTLAND OREGON
720 PM PDT SUN MAY 3 2015


...................................

...THE EUGENE OR CLIMATE SUMMARY FOR MAY 3 2015...
VALID TODAY AS OF 0700 PM LOCAL TIME.

CLIMATE NORMAL PERIOD 1981 TO 2010
CLIMATE RECORD PERIOD 1892 TO 2015


WEATHER ITEM   OBSERVED TIME   RECORD YEAR NORMAL DEPARTURE LAST
                VALUE   (LST)  VALUE       VALUE  FROM      YEAR
                                                  NORMAL
..................................................................
TEMPERATURE (F)
 TODAY
  MAXIMUM         72    442 PM  83    1944  64      8       63
  MINIMUM         36    540 AM  31    1964  42     -6       45
  AVERAGE         54                        53      1       54

PRECIPITATION (IN)
  TODAY            0.00          0.86 1993   0.09  -0.09     0.18
  MONTH TO DATE    0.00                      0.27  -0.27     0.18
  SINCE OCT 1     28.24                     39.69 -11.45    23.88
  SINCE JAN 1     11.19                     20.89  -9.70    19.69

SNOWFALL (IN)
  TODAY            0.0
  MONTH TO DATE    0.0
  SINCE MAR 1      0.0
  SINCE JUL 1      0.0

DEGREE DAYS
 HEATING
  TODAY           11                        12     -1       11
  MONTH TO DATE   31                        36     -5       15
  SINCE MAR 1    914                      1051   -137      876
  SINCE JUL 1   3476                      4378   -902     4443

 COOLING
  TODAY            0                         0      0        0
  MONTH TO DATE    0                         0      0        2
  SINCE MAR 1      0                         0      0        2
  SINCE JAN 1      0                         0      0        2
..................................................................


WIND (MPH)
  HIGHEST WIND SPEED    13   HIGHEST WIND DIRECTION     N (360)
  HIGHEST GUST SPEED    16   HIGHEST GUST DIRECTION     N (20)
  AVERAGE WIND SPEED     4.0


SKY COVER
  POSSIBLE SUNSHINE  MM
  AVERAGE SKY COVER 0.2


WEATHER CONDITIONS
 THE FOLLOWING WEATHER WAS RECORDED TODAY.
  FOG
  FOG W/VISIBILITY <= 1/4 MILE


RELATIVE HUMIDITY (PERCENT)
 HIGHEST   100           300 AM
 LOWEST     31           200 PM
 AVERAGE    66

..........................................................


THE EUGENE OR CLIMATE NORMALS FOR TOMORROW
                         NORMAL    RECORD    YEAR
 MAXIMUM TEMPERATURE (F)   65        83      2013
                                             1992
                                             1990
 MINIMUM TEMPERATURE (F)   42        31      1996


SUNRISE AND SUNSET
MAY  3 2015...........SUNRISE   602 AM PDT   SUNSET   819 PM PDT
MAY  4 2015...........SUNRISE   600 AM PDT   SUNSET   820 PM PDT


-  INDICATES NEGATIVE NUMBERS.
R  INDICATES RECORD WAS SET OR TIED.
MM INDICATES DATA IS MISSING.
T  INDICATES TRACE AMOUNT.




$$
