000
CDUS45 KSLC 041216
CLIEVW


CLIMATE REPORT
NATIONAL WEATHER SERVICE SALT LAKE CITY UT
616 AM MDT MON MAY 4 2015


...................................

...THE EVANSTON WY CLIMATE SUMMARY FOR MAY 3 2015...

CLIMATE NORMAL PERIOD 1981 TO 2010
CLIMATE RECORD PERIOD 9999 TO 9999


WEATHER ITEM   OBSERVED TIME   RECORD YEAR NORMAL DEPARTURE LAST
                VALUE   (LST)  VALUE       VALUE  FROM      YEAR
                                                  NORMAL
..................................................................
TEMPERATURE (F)
 YESTERDAY
  MAXIMUM         65    236 PM  MM      MM  56      9       73
  MINIMUM         45   1159 PM  MM      MM  33     12       43
  AVERAGE         55                        45     10       58

PRECIPITATION (IN)
  YESTERDAY        0.17         MM      MM   0.05   0.12     0.00
  MONTH TO DATE    0.17                      0.17   0.00     0.00
  SINCE OCT 1      3.07                      6.12  -3.05     1.53
  SINCE JAN 1      2.19                      3.33  -1.14     0.33

DEGREE DAYS
 HEATING
  YESTERDAY       10                        20    -10        7
  MONTH TO DATE   28                        62    -34       38
  SINCE MAR 1   1481                      1891   -410     1727
  SINCE JUL 1   6453                      7899  -1446     7377

 COOLING
  YESTERDAY        0                         0      0        0
  MONTH TO DATE    0                         0      0        0
  SINCE MAR 1      0                         0      0        0
  SINCE JAN 1      0                         0      0        0
..................................................................


WIND (MPH)
  RESULTANT WIND SPEED   1   RESULTANT WIND DIRECTION  SE (140)
  HIGHEST WIND SPEED    33   HIGHEST WIND DIRECTION     W (270)
  HIGHEST GUST SPEED    41   HIGHEST GUST DIRECTION     W (260)
  AVERAGE WIND SPEED     9.5


SKY COVER
  POSSIBLE SUNSHINE  MM
  AVERAGE SKY COVER 0.5


WEATHER CONDITIONS
 THE FOLLOWING WEATHER WAS RECORDED YESTERDAY.
  THUNDERSTORM
  LIGHT RAIN


RELATIVE HUMIDITY (PERCENT)
 HIGHEST    76           900 PM
 LOWEST     34          1000 AM
 AVERAGE    55

..........................................................


THE EVANSTON WY CLIMATE NORMALS FOR TODAY
                         NORMAL    RECORD    YEAR
 MAXIMUM TEMPERATURE (F)   57        MM        MM
 MINIMUM TEMPERATURE (F)   34        MM        MM


SUNRISE AND SUNSET
MAY  4 2015...........SUNRISE   618 AM MDT   SUNSET   824 PM MDT
MAY  5 2015...........SUNRISE   617 AM MDT   SUNSET   825 PM MDT


-  INDICATES NEGATIVE NUMBERS.
R  INDICATES RECORD WAS SET OR TIED.
MM INDICATES DATA IS MISSING.
T  INDICATES TRACE AMOUNT.




$$
