000
CDUS43 KIND 010530
CLIEYE


CLIMATE REPORT
NATIONAL WEATHER SERVICE INDIANAPOLIS IN
130 AM EDT WED APR 1 2015


...................................

...THE INDIANAPOLIS EAGLE CREEK IN CLIMATE SUMMARY FOR MARCH 31 2015...

CLIMATE NORMAL PERIOD 1981 TO 2010
CLIMATE RECORD PERIOD 9999 TO 9999


WEATHER ITEM   OBSERVED TIME   NORMAL DEPARTURE LAST
                VALUE   (LST)  VALUE  FROM      YEAR
                                      NORMAL
......................................................
TEMPERATURE (F)
 YESTERDAY
  MAXIMUM         60    254 PM  57      3       67
  MINIMUM         39   1131 PM  39      0       32
  AVERAGE         50            48      2       50

PRECIPITATION (IN)
  YESTERDAY        0.00          0.14  -0.14      T
  MONTH TO DATE    3.07          3.30  -0.23     0.98
  SINCE MAR 1      3.07          3.30  -0.23     0.98
  SINCE JAN 1      5.55          7.64  -2.09     5.36

DEGREE DAYS
 HEATING
  YESTERDAY       15            17     -2       15
  MONTH TO DATE  817           698    119      897
  SINCE MAR 1    817           700    117      897
  SINCE JUL 1   5503          4825    678     5723

 COOLING
  YESTERDAY        0             0      0        0
  MONTH TO DATE    0             1     -1        0
  SINCE MAR 1      0             1     -1        0
  SINCE JAN 1      0             1     -1        0
......................................................


WIND (MPH)
  HIGHEST WIND SPEED    22   HIGHEST WIND DIRECTION    NW (300)
  HIGHEST GUST SPEED    30   HIGHEST GUST DIRECTION    NW (320)
  AVERAGE WIND SPEED    11.1


SKY COVER
  AVERAGE SKY COVER 0.1


WEATHER CONDITIONS
 THE FOLLOWING WEATHER WAS RECORDED YESTERDAY.
  NO SIGNIFICANT WEATHER WAS OBSERVED.


RELATIVE HUMIDITY (PERCENT)
 HIGHEST    76          1100 PM
 LOWEST     42           100 PM
 AVERAGE    59

..........................................................


THE INDIANAPOLIS EAGLE CREEK IN CLIMATE NORMALS FOR TODAY
                         NORMAL
 MAXIMUM TEMPERATURE (F)   58
 MINIMUM TEMPERATURE (F)   39


SUNRISE AND SUNSET
APRIL  1 2015.........SUNRISE   730 AM EDT   SUNSET   809 PM EDT
APRIL  2 2015.........SUNRISE   728 AM EDT   SUNSET   810 PM EDT


-  INDICATES NEGATIVE NUMBERS.
R  INDICATES RECORD WAS SET OR TIED.
MM INDICATES DATA IS MISSING.
T  INDICATES TRACE AMOUNT.




$$
