000
CDUS43 KFGF 190645
CLIFAR


CLIMATE REPORT
NATIONAL WEATHER SERVICE EASTERN NORTH DAKOTA/GRAND FORKS
143 AM CDT SUN APR 19 2015


...................................

...THE FARGO HECTOR INTL AP ND CLIMATE SUMMARY FOR APRIL 18 2015...

CLIMATE NORMAL PERIOD 1981 TO 2010
CLIMATE RECORD PERIOD 1881 TO 2015


WEATHER ITEM   OBSERVED TIME   RECORD YEAR NORMAL DEPARTURE LAST
                VALUE   (LST)  VALUE       VALUE  FROM      YEAR
                                                  NORMAL
..................................................................
TEMPERATURE (F)
 YESTERDAY
  MAXIMUM         74    431 PM  90    1987  58     16       53
  MINIMUM         36    547 AM  12    1988  34      2       32
  AVERAGE         55                        46      9       43

PRECIPITATION (IN)
  YESTERDAY        0.00          1.16 1896   0.04  -0.04      T
  MONTH TO DATE    0.11                      0.72  -0.61     0.48
  SINCE MAR 1      0.41                      2.02  -1.61     1.20
  SINCE JAN 1      1.38                      3.33  -1.95     2.08

SNOWFALL (IN)
  YESTERDAY        0.0           1.7  2011   0.1   -0.1      0.0
  MONTH TO DATE    T                         2.1   -2.1      2.0
  SINCE MAR 1      0.4                      11.2  -10.8      7.3
  SINCE JUL 1     16.0                      49.2  -33.2     34.9
  SNOW DEPTH       0

DEGREE DAYS
 HEATING
  YESTERDAY       10                        19     -9       22
  MONTH TO DATE  323                       431   -108      499
  SINCE MAR 1   1290                      1583   -293     1815
  SINCE JUL 1   7706                      8261   -555     9092

 COOLING
  YESTERDAY        0                         0      0        0
  MONTH TO DATE    0                         0      0        0
  SINCE MAR 1      0                         0      0        0
  SINCE JAN 1      0                         0      0        0
..................................................................


WIND (MPH)
  HIGHEST WIND SPEED    22   HIGHEST WIND DIRECTION     S (160)
  HIGHEST GUST SPEED    27   HIGHEST GUST DIRECTION    SE (150)
  AVERAGE WIND SPEED    10.2


SKY COVER
  POSSIBLE SUNSHINE  MM
  AVERAGE SKY COVER 0.1


WEATHER CONDITIONS
 THE FOLLOWING WEATHER WAS RECORDED YESTERDAY.
  NO SIGNIFICANT WEATHER WAS OBSERVED.


RELATIVE HUMIDITY (PERCENT)
 HIGHEST    59           600 AM
 LOWEST     17           500 PM
 AVERAGE    38

..........................................................


THE FARGO HECTOR INTL AP ND CLIMATE NORMALS FOR TODAY
                         NORMAL    RECORD    YEAR
 MAXIMUM TEMPERATURE (F)   58        86      1987
 MINIMUM TEMPERATURE (F)   34        11      1928


SUNRISE AND SUNSET
APRIL 19 2015.........SUNRISE   633 AM CDT   SUNSET   821 PM CDT
APRIL 20 2015.........SUNRISE   631 AM CDT   SUNSET   822 PM CDT


-  INDICATES NEGATIVE NUMBERS.
R  INDICATES RECORD WAS SET OR TIED.
MM INDICATES DATA IS MISSING.
T  INDICATES TRACE AMOUNT.




$$
