000
CDUS42 KRAH 032059
CLIFAY


CLIMATE REPORT
NATIONAL WEATHER SERVICE RALEIGH NC
457 PM EDT SUN MAY 3 2015


...................................

...THE FAYETTEVILLE REGL AIRPORT NC CLIMATE SUMMARY FOR MAY 3 2015...
VALID TODAY AS OF 0457 PM LOCAL TIME.

CLIMATE NORMAL PERIOD 1981 TO 2010
CLIMATE RECORD PERIOD 1910 TO 2015


WEATHER ITEM   OBSERVED TIME   RECORD YEAR NORMAL DEPARTURE LAST
                VALUE   (LST)  VALUE       VALUE  FROM      YEAR
                                                  NORMAL
..................................................................
TEMPERATURE (F)
 TODAY
  MAXIMUM         81    334 PM  95    1913  79      2       80
  MINIMUM         48    554 AM  38    1981  55     -7       53
  AVERAGE         65                        67     -2       67

PRECIPITATION (IN)
  TODAY            0.00          0.93 1953   0.06  -0.06     0.00
  MONTH TO DATE    0.13                      0.17  -0.04      T
  SINCE MAR 1      5.49                      6.54  -1.05     7.62
  SINCE JAN 1     13.14                     12.60   0.54    14.34

DEGREE DAYS
 HEATING
  TODAY            0                         2     -2        0
  MONTH TO DATE   10                         6      4        2
  SINCE MAR 1    446                       488    -42      606
  SINCE JUL 1   2942                      2713    229     2931

 COOLING
  TODAY            0                         4     -4        2
  MONTH TO DATE    0                        12    -12        8
  SINCE MAR 1     92                        91      1       86
  SINCE JAN 1     92                        95     -3       89
..................................................................


WIND (MPH)
  HIGHEST WIND SPEED    10   HIGHEST WIND DIRECTION     E (90)
  HIGHEST GUST SPEED    13   HIGHEST GUST DIRECTION     S (190)
  AVERAGE WIND SPEED     2.6


SKY COVER
  POSSIBLE SUNSHINE  MM
  AVERAGE SKY COVER 0.1


WEATHER CONDITIONS
 THE FOLLOWING WEATHER WAS RECORDED TODAY.
  NO SIGNIFICANT WEATHER WAS OBSERVED.


RELATIVE HUMIDITY (PERCENT)
 HIGHEST    93           600 AM
 LOWEST     26           300 PM
 AVERAGE    60

..........................................................


THE FAYETTEVILLE REGL AIRPORT NC CLIMATE NORMALS FOR TOMORROW
                         NORMAL    RECORD    YEAR
 MAXIMUM TEMPERATURE (F)   80        97      1938
 MINIMUM TEMPERATURE (F)   55        36      1941


SUNRISE AND SUNSET
MAY  3 2015...........SUNRISE   623 AM EDT   SUNSET   802 PM EDT
MAY  4 2015...........SUNRISE   622 AM EDT   SUNSET   803 PM EDT


-  INDICATES NEGATIVE NUMBERS.
R  INDICATES RECORD WAS SET OR TIED.
MM INDICATES DATA IS MISSING.
T  INDICATES TRACE AMOUNT.




$$
