000
CDUS45 KFGZ 250827
CLIFLG
CLIMATE REPORT
NATIONAL WEATHER SERVICE FLAGSTAFF, AZ
125 AM MST SAT APR 25 2015


...................................

...THE FLAGSTAFF AZ AIRPORT CLIMATE SUMMARY FOR APRIL 24 2015...

CLIMATE NORMAL PERIOD 1981 TO 2010
CLIMATE RECORD PERIOD 1898 TO 2015


WEATHER ITEM   OBSERVED TIME   RECORD YEAR NORMAL DEPARTURE LAST
                VALUE   (LST)  VALUE       VALUE  FROM      YEAR
                                                  NORMAL
..................................................................
TEMPERATURE (F)
 YESTERDAY
  MAXIMUM         49   1125 AM  77    1949  61    -12       66
  MINIMUM         29    511 AM  10    1900  30     -1       22
  AVERAGE         39                        46     -7

PRECIPITATION (IN)
  YESTERDAY        0.46          1.01 1990   0.03   0.43     0.00
  MONTH TO DATE    0.49                      0.98  -0.49     0.35
  SINCE SEP 1     16.36                     14.98   1.38     9.30
  SINCE JAN 1      8.53                      7.31   1.22     2.19

SNOWFALL (IN)
  YESTERDAY        0.0           4.9  1994   0.2             0.0
  MONTH TO DATE    0.3                       6.0             3.6
  SINCE JUL 1     56.5                      99.9            38.5
  SNOW DEPTH       0

DEGREE DAYS
 HEATING
  YESTERDAY       26                        19      7       21
  MONTH TO DATE  528                       539    -11      503
  SINCE JUL 1   5286                      6246   -960     5865

 COOLING
  YESTERDAY        0                         0      0        0
  MONTH TO DATE    0                         0      0        0
  SINCE JAN 1      0                         0      0        0
..................................................................


WIND (MPH)
  HIGHEST WIND SPEED    23   HIGHEST WIND DIRECTION    SW (210)
  HIGHEST GUST SPEED    32   HIGHEST GUST DIRECTION     S (190)
  AVERAGE WIND SPEED    10.9


SKY COVER
  POSSIBLE SUNSHINE  MM
  AVERAGE SKY COVER 0.7


WEATHER CONDITIONS
 THE FOLLOWING WEATHER WAS RECORDED YESTERDAY.
  RAIN
  LIGHT RAIN
  FOG


RELATIVE HUMIDITY (PERCENT)
 HIGHEST    96           200 PM
 LOWEST     64          1200 AM
 AVERAGE    80

..........................................................


THE FLAGSTAFF AZ AIRPORT CLIMATE NORMALS FOR TODAY
                         NORMAL    RECORD    YEAR
 MAXIMUM TEMPERATURE (F)   61        78      1996
 MINIMUM TEMPERATURE (F)   31        13      1961
                                             1960


SUNRISE AND SUNSET
APRIL 25 2015.........SUNRISE   542 AM MST   SUNSET   707 PM MST
APRIL 26 2015.........SUNRISE   541 AM MST   SUNSET   708 PM MST


-  INDICATES NEGATIVE NUMBERS.
R  INDICATES RECORD WAS SET OR TIED.
MM INDICATES DATA IS MISSING.
T  INDICATES TRACE AMOUNT.




$$


&&

-------------------------------------------------------------------
SNOW DEPTH DATA FOR FLAGSTAFF AIRPORT IS REPORTED AT 5 AM MST


-------------------------------------------------------------------
SUPPLEMENTARY CLIMATE DATA FOR NWS BELLEMONT, ARIZONA

SNOW DEPTH (IN) AT 11 AM........................................ 0
WATER EQUIVALENT OF SNOW PACK (IN) AT 11 AM*...................
* ONLY MEASURED IF SNOW DEPTH IS 2.0 INCHES OR GREATER
-------------------------------------------------------------------
