000
CDUS43 KIND 190530
CLIGEZ


CLIMATE REPORT
NATIONAL WEATHER SERVICE INDIANAPOLIS IN
130 AM EDT SUN APR 19 2015


...................................

...THE SHELBYVILLE IN CLIMATE SUMMARY FOR APRIL 18 2015...

CLIMATE NORMAL PERIOD 1981 TO 2010
CLIMATE RECORD PERIOD 9999 TO 9999


WEATHER ITEM   OBSERVED TIME   NORMAL DEPARTURE LAST
                VALUE   (LST)  VALUE  FROM      YEAR
                                      NORMAL
......................................................
TEMPERATURE (F)
 YESTERDAY
  MAXIMUM         80    150 PM  64     16       73
  MINIMUM         49    612 AM  43      6       40
  AVERAGE         65            54     11       57

PRECIPITATION (IN)
  YESTERDAY        0.00          0.14  -0.14     0.00
  MONTH TO DATE    2.46          2.31   0.15     3.92
  SINCE MAR 1      6.32          5.74   0.58     5.98
  SINCE JAN 1      9.34         10.49  -1.15     9.86

DEGREE DAYS
 HEATING
  YESTERDAY        0            12    -12        8
  MONTH TO DATE  124           261   -137      219
  SINCE MAR 1    894           981    -87     1037
  SINCE JUL 1   5335          5144    191     5535

 COOLING
  YESTERDAY        0             0      0        0
  MONTH TO DATE    8             0      8        8
  SINCE MAR 1      8             1      7        8
  SINCE JAN 1      8             1      7        8
......................................................


WIND (MPH)
  HIGHEST WIND SPEED    13   HIGHEST WIND DIRECTION     E (70)
  HIGHEST GUST SPEED    19   HIGHEST GUST DIRECTION    SE (130)
  AVERAGE WIND SPEED     6.0


SKY COVER
  AVERAGE SKY COVER 0.0


WEATHER CONDITIONS
 THE FOLLOWING WEATHER WAS RECORDED YESTERDAY.
  NO SIGNIFICANT WEATHER WAS OBSERVED.


RELATIVE HUMIDITY (PERCENT)
 HIGHEST    80           600 AM
 LOWEST     30           100 PM
 AVERAGE    55

..........................................................


THE SHELBYVILLE IN CLIMATE NORMALS FOR TODAY
                         NORMAL
 MAXIMUM TEMPERATURE (F)   65
 MINIMUM TEMPERATURE (F)   43


SUNRISE AND SUNSET
APRIL 19 2015.........SUNRISE   700 AM EDT   SUNSET   825 PM EDT
APRIL 20 2015.........SUNRISE   659 AM EDT   SUNSET   826 PM EDT


-  INDICATES NEGATIVE NUMBERS.
R  INDICATES RECORD WAS SET OR TIED.
MM INDICATES DATA IS MISSING.
T  INDICATES TRACE AMOUNT.




$$
