000
CDUS45 KGJT 032348
CLIGJT


CLIMATE REPORT
NATIONAL WEATHER SERVICE GRAND JUNCTION CO
528 PM MDT SUN MAY 3 2015


...................................

...THE GRAND JUNCTION CO CLIMATE SUMMARY FOR MAY 3 2015...
VALID TODAY AS OF 0500 PM LOCAL TIME.

CLIMATE NORMAL PERIOD 1981 TO 2010
CLIMATE RECORD PERIOD 1893 TO 2015


WEATHER ITEM   OBSERVED TIME   RECORD YEAR NORMAL DEPARTURE LAST
                VALUE   (LST)  VALUE       VALUE  FROM      YEAR
                                                  NORMAL
..................................................................
TEMPERATURE (F)
 TODAY
  MAXIMUM         75   1259 PM  91    1947  71      4       82
  MINIMUM         52    600 AM  29    1967  43      9       44
  AVERAGE         64                        57      7       63

PRECIPITATION (IN)
  TODAY            T             1.01 1905   0.03  -0.03     0.00
  MONTH TO DATE    T                         0.09  -0.09     0.00
  SINCE MAR 1      2.39                      1.92   0.47     0.91
  SINCE JAN 1      3.25                      3.04   0.21     2.29

SNOWFALL (IN)
  TODAY            0.0           2.4  1905   0.0    0.0      0.0
  MONTH TO DATE    0.0                       0.0    0.0      0.0
  SINCE MAR 1      3.9                       3.5    0.4       T
  SINCE JUL 1     12.5                      19.0   -6.5     25.7
  SNOW DEPTH       0

DEGREE DAYS
 HEATING
  TODAY            1                         8     -7        2
  MONTH TO DATE    1                        25    -24       32
  SINCE MAR 1    956                      1080   -124     1140
  SINCE JUL 1   4941                      5459   -518     6078

 COOLING
  TODAY            0                         0      0        0
  MONTH TO DATE    2                         0      2        0
  SINCE MAR 1      2                         3     -1        0
  SINCE JAN 1      2                         3     -1        0
..................................................................


WIND (MPH)
  HIGHEST WIND SPEED    26   HIGHEST WIND DIRECTION    SW (210)
  HIGHEST GUST SPEED    39   HIGHEST GUST DIRECTION    SW (210)
  AVERAGE WIND SPEED     5.4


SKY COVER
  POSSIBLE SUNSHINE  MM
  AVERAGE SKY COVER 0.2


WEATHER CONDITIONS
 THE FOLLOWING WEATHER WAS RECORDED TODAY.
  LIGHT RAIN


RELATIVE HUMIDITY (PERCENT)
 HIGHEST    63           500 AM
 LOWEST     20           200 PM
 AVERAGE    42

..........................................................


THE GRAND JUNCTION CO CLIMATE NORMALS FOR TOMORROW
                         NORMAL    RECORD    YEAR
 MAXIMUM TEMPERATURE (F)   72        93      1947
 MINIMUM TEMPERATURE (F)   44        34      1964



SUNRISE AND SUNSET
MAY  3 2015...........SUNRISE   614 AM MDT   SUNSET   809 PM MDT
MAY  4 2015...........SUNRISE   613 AM MDT   SUNSET   810 PM MDT


-  INDICATES NEGATIVE NUMBERS.
R  INDICATES RECORD WAS SET OR TIED.
MM INDICATES DATA IS MISSING.
T  INDICATES TRACE AMOUNT.




$$
