000
CDUS44 KJAN 030820
CLIGLH


CLIMATE REPORT
NATIONAL WEATHER SERVICE JACKSON MS
318 AM CDT SUN MAY 3 2015


...................................

...THE GREENVILLE CLIMATE SUMMARY FOR MAY 2 2015...

CLIMATE NORMAL PERIOD 1981 TO 2010
CLIMATE RECORD PERIOD 1920 TO 2015


WEATHER ITEM   OBSERVED TIME   RECORD YEAR NORMAL DEPARTURE LAST
                VALUE   (LST)  VALUE       VALUE  FROM      YEAR
                                                  NORMAL
..................................................................
TEMPERATURE (F)
 YESTERDAY
  MAXIMUM         79    331 PM  92    1943  79      0       74
  MINIMUM         47    546 AM  39    1925  58    -11       50
  AVERAGE         63                        69     -6       62

PRECIPITATION (IN)
  YESTERDAY        0.00          2.99 1954   0.18  -0.18     0.00
  MONTH TO DATE    0.00                      0.35  -0.35     0.00
  SINCE MAR 1      8.89                      9.71  -0.82    14.58
  SINCE JAN 1     15.34                     19.70  -4.36    18.88

SNOWFALL (IN)
  YESTERDAY        0.0

DEGREE DAYS
 HEATING
  YESTERDAY        2                         1      1        3
  MONTH TO DATE    3                         2      1       12
  SINCE MAR 1    377                       454    -77      580
  SINCE JUL 1   2864                      2763    101     3187

 COOLING
  YESTERDAY        0                         5     -5        0
  MONTH TO DATE    0                         9     -9        0
  SINCE MAR 1     98                        90      8       74
  SINCE JAN 1     98                        95      3       74
..................................................................


WIND (MPH)
  HIGHEST WIND SPEED     9   HIGHEST WIND DIRECTION     W (290)
  HIGHEST GUST SPEED    13   HIGHEST GUST DIRECTION     W (250)
  AVERAGE WIND SPEED     2.8


SKY COVER
  POSSIBLE SUNSHINE  MM
  AVERAGE SKY COVER 0.0


WEATHER CONDITIONS
 THE FOLLOWING WEATHER WAS RECORDED YESTERDAY.
  NO SIGNIFICANT WEATHER WAS OBSERVED.


RELATIVE HUMIDITY (PERCENT)
 HIGHEST    80           300 AM
 LOWEST     23           400 PM
 AVERAGE    52

..........................................................


THE GREENVILLE CLIMATE NORMALS FOR TODAY
                         NORMAL    RECORD    YEAR
 MAXIMUM TEMPERATURE (F)   79        92      1943
 MINIMUM TEMPERATURE (F)   58        39      2013


SUNRISE AND SUNSET
MAY  3 2015...........SUNRISE   614 AM CDT   SUNSET   748 PM CDT
MAY  4 2015...........SUNRISE   613 AM CDT   SUNSET   749 PM CDT


-  INDICATES NEGATIVE NUMBERS.
R  INDICATES RECORD WAS SET OR TIED.
MM INDICATES DATA IS MISSING.
T  INDICATES TRACE AMOUNT.




$$
