000
CDUS42 KFFC 210021
CLIGVL


CLIMATE REPORT
NATIONAL WEATHER SERVICE PEACHTREE CITY GA
821 PM EDT MON APR 20 2015


...................................

...THE GAINESVILLE   CLIMATE SUMMARY FOR APRIL 20 2015...
VALID AS OF 0800 PM LOCAL TIME.

CLIMATE NORMAL PERIOD 1981 TO 2010
CLIMATE RECORD PERIOD 9999 TO 9999


WEATHER ITEM   OBSERVED TIME   RECORD YEAR NORMAL DEPARTURE LAST
                VALUE   (LST)  VALUE       VALUE  FROM      YEAR
                                                  NORMAL
..................................................................
TEMPERATURE (F)
 TODAY
  MAXIMUM         74    421 PM  MM      MM  72      2       73
  MINIMUM         61    707 AM  MM      MM  51     10       49
  AVERAGE         68                        62      6       61

PRECIPITATION (IN)
  TODAY            0.02         MM      MM   0.13  -0.11     0.00
  MONTH TO DATE    4.29                      2.30   1.99     5.40
  SINCE MAR 1      6.04                      7.72  -1.68     8.65

SNOWFALL (IN)
  TODAY           MM            MM      MM  MM     MM       MM
  MONTH TO DATE    0.0                      MM     MM        0.0
  SINCE MAR 1      0.0                      MM     MM        0.0
  SINCE JUL 1      T                        MM     MM         T
  SNOW DEPTH      MM

DEGREE DAYS
 HEATING
  TODAY            0                         5     -5        4
  MONTH TO DATE   61                       137    -76      135
  SINCE MAR 1    358                       525   -167      592
  SINCE JUL 1   2988                      2989     -1     3261

 COOLING
  TODAY            3                         1      2        0
  MONTH TO DATE   43                        18     25       12
  SINCE MAR 1     45                        23     22       12
  SINCE JAN 1     45                        23     22       12
..................................................................


WIND (MPH)
  RESULTANT WIND SPEED   7   RESULTANT WIND DIRECTION  SW (240)
  HIGHEST WIND SPEED    21   HIGHEST WIND DIRECTION     W (280)
  HIGHEST GUST SPEED    30   HIGHEST GUST DIRECTION     W (290)
  AVERAGE WIND SPEED     8.4


SKY COVER
  AVERAGE SKY COVER 0.6


WEATHER CONDITIONS
 THE FOLLOWING WEATHER WAS RECORDED TODAY.
  THUNDERSTORM
  LIGHT RAIN
  FOG


RELATIVE HUMIDITY (PERCENT)
 HIGHEST    93          1200 AM
 LOWEST     52           700 PM
 AVERAGE    73

..........................................................


THE GAINESVILLE   CLIMATE NORMALS FOR TOMORROW
                         NORMAL    RECORD    YEAR
 MAXIMUM TEMPERATURE (F)   72        MM        MM
 MINIMUM TEMPERATURE (F)   51        MM        MM


SUNRISE AND SUNSET
APRIL 20 2015.........SUNRISE   658 AM EDT   SUNSET   811 PM EDT
APRIL 21 2015.........SUNRISE   657 AM EDT   SUNSET   811 PM EDT


-  INDICATES NEGATIVE NUMBERS.
R  INDICATES RECORD WAS SET OR TIED.
MM INDICATES DATA IS MISSING.
T  INDICATES TRACE AMOUNT.




$$
