000
CDUS44 KJAN 030820
CLIGWO


CLIMATE REPORT
NATIONAL WEATHER SERVICE JACKSON MS
318 AM CDT SUN MAY 3 2015


...................................

...THE GREENWOOD CLIMATE SUMMARY FOR MAY 2 2015...

CLIMATE NORMAL PERIOD 1981 TO 2010
CLIMATE RECORD PERIOD 1948 TO 2015


WEATHER ITEM   OBSERVED TIME   RECORD YEAR NORMAL DEPARTURE LAST
                VALUE   (LST)  VALUE       VALUE  FROM      YEAR
                                                  NORMAL
..................................................................
TEMPERATURE (F)
 YESTERDAY
  MAXIMUM         78    402 PM  90    1955  79     -1       73
                                      1952
  MINIMUM         46    438 AM  44    1963  57    -11       46
  AVERAGE         62                        68     -6       60

PRECIPITATION (IN)
  YESTERDAY        0.00          3.17 1997   0.18  -0.18     0.00
  MONTH TO DATE    0.00                      0.35  -0.35     0.00
  SINCE MAR 1     11.54                      9.79   1.75    13.70
  SINCE JAN 1     20.93                     18.73   2.20    19.98

SNOWFALL (IN)
  YESTERDAY        0.0

DEGREE DAYS
 HEATING
  YESTERDAY        3                         1      2        5
  MONTH TO DATE    5                         2      3       14
  SINCE MAR 1    339                       442   -103      597
  SINCE JUL 1   2860                      2673    187     3251

 COOLING
  YESTERDAY        0                         4     -4        0
  MONTH TO DATE    0                         8     -8        0
  SINCE MAR 1    111                       105      6       63
  SINCE JAN 1    111                       110      1       63
..................................................................


WIND (MPH)
  HIGHEST WIND SPEED     9   HIGHEST WIND DIRECTION    NE (40)
  HIGHEST GUST SPEED    12   HIGHEST GUST DIRECTION     E (70)
  AVERAGE WIND SPEED     3.6


SKY COVER
  POSSIBLE SUNSHINE  MM
  AVERAGE SKY COVER 0.0


WEATHER CONDITIONS
 THE FOLLOWING WEATHER WAS RECORDED YESTERDAY.
  NO SIGNIFICANT WEATHER WAS OBSERVED.


RELATIVE HUMIDITY (PERCENT)
 HIGHEST    86           300 AM
 LOWEST     31           100 PM
 AVERAGE    59

..........................................................


THE GREENWOOD CLIMATE NORMALS FOR TODAY
                         NORMAL    RECORD    YEAR
 MAXIMUM TEMPERATURE (F)   80        91      1955
 MINIMUM TEMPERATURE (F)   57        38      2013


SUNRISE AND SUNSET
MAY  3 2015...........SUNRISE   610 AM CDT   SUNSET   745 PM CDT
MAY  4 2015...........SUNRISE   609 AM CDT   SUNSET   745 PM CDT


-  INDICATES NEGATIVE NUMBERS.
R  INDICATES RECORD WAS SET OR TIED.
MM INDICATES DATA IS MISSING.
T  INDICATES TRACE AMOUNT.




$$
