000
CDUS41 KGYX 190814
CLIGYX


CLIMATE REPORT
NATIONAL WEATHER SERVICE GRAY ME
414 AM EDT SUN APR 19 2015


...................................

...THE GRAY ME CLIMATE SUMMARY FOR APRIL 18 2015...

CLIMATE NORMAL PERIOD 1981 TO 2010
CLIMATE RECORD PERIOD 1995 TO 2015


WEATHER ITEM   OBSERVED TIME   RECORD YEAR NORMAL DEPARTURE LAST
                VALUE   (LST)  VALUE       VALUE  FROM      YEAR
                                                  NORMAL
..................................................................
TEMPERATURE (F)
 YESTERDAY
  MAXIMUM         56        MM  MM      MM  55      1       45
  MINIMUM         37        MM  MM      MM  36      1       24
  AVERAGE         47                        45      2       35

PRECIPITATION (IN)
  YESTERDAY        0.06         MM      MM   0.14  -0.08     0.00
  MONTH TO DATE    0.85                      2.67  -1.82     2.40
  SINCE MAR 1      2.37                      6.84  -4.47     6.28
  SINCE JAN 1      8.34                     13.68  -5.34    13.27

SNOWFALL (IN)
  YESTERDAY        0.0          MM      MM   0.1   -0.1      0.0
  MONTH TO DATE    3.0                       3.9   -0.9      1.2
  SINCE MAR 1      8.2                      23.8  -15.6      8.9
  SINCE JUL 1    107.3                      82.9   24.4     83.0
  SNOW DEPTH       0

DEGREE DAYS
 HEATING
  YESTERDAY       18                        20     -2       30
  MONTH TO DATE  416                       418     -2      424
  SINCE MAR 1   1551                      1411    140     1650
  SINCE JUL 1   7027                      6569    458     7060

 COOLING
  YESTERDAY        0                         0      0        0
  MONTH TO DATE    0                         0      0        0
  SINCE MAR 1      0                         0      0        0
  SINCE JAN 1      0                         0      0        0
..................................................................







THE GRAY ME CLIMATE NORMALS FOR TODAY
                         NORMAL
 MAXIMUM TEMPERATURE (F)   55
 MINIMUM TEMPERATURE (F)   36


SUNRISE AND SUNSET
APRIL 19 2015.........SUNRISE   552 AM EDT   SUNSET   729 PM EDT
APRIL 20 2015.........SUNRISE   550 AM EDT   SUNSET   731 PM EDT


-  INDICATES NEGATIVE NUMBERS.
R  INDICATES RECORD WAS SET OR TIED.
MM INDICATES DATA IS MISSING.
T  INDICATES TRACE AMOUNT.




$$
