000
CDUS44 KJAN 260838
CLIHBG


CLIMATE REPORT
NATIONAL WEATHER SERVICE JACKSON MS
336 AM CDT SUN APR 26 2015


...................................

...THE HATTIESBURG CLIMATE SUMMARY FOR APRIL 25 2015...

CLIMATE NORMAL PERIOD 1981 TO 2010
CLIMATE RECORD PERIOD 1948 TO 2015


WEATHER ITEM   OBSERVED TIME   RECORD YEAR NORMAL DEPARTURE LAST
                VALUE   (LST)  VALUE       VALUE  FROM      YEAR
                                                  NORMAL
..................................................................
TEMPERATURE (F)
 YESTERDAY
  MAXIMUM         82   1059 AM  92    1999  80      2       86
  MINIMUM         62   1113 PM  40    1969  55      7       59
  AVERAGE         72                        68      4       73

PRECIPITATION (IN)
  YESTERDAY        0.15          3.20 1953   0.15   0.00     0.00
  MONTH TO DATE    3.12                      4.30  -1.18     4.53
  SINCE MAR 1      8.83                      9.80  -0.97    10.90
  SINCE JAN 1     16.66                     20.93  -4.27    20.80

SNOWFALL (IN)
  YESTERDAY        0.0

DEGREE DAYS
 HEATING
  YESTERDAY        0                         1     -1        0
  MONTH TO DATE   12                        78    -66       70
  SINCE MAR 1    128                       295   -167      342
  SINCE JUL 1   1909                      1973    -64     2265

 COOLING
  YESTERDAY        7                         4      3        8
  MONTH TO DATE  169                        69    100       53
  SINCE MAR 1    261                       102    159       62
  SINCE JAN 1    267                       117    150       79
..................................................................


WIND (MPH)
  HIGHEST WIND SPEED    21   HIGHEST WIND DIRECTION     W (280)
  HIGHEST GUST SPEED    30   HIGHEST GUST DIRECTION     W (280)
  AVERAGE WIND SPEED     5.0


SKY COVER
  POSSIBLE SUNSHINE  MM
  AVERAGE SKY COVER 0.5


WEATHER CONDITIONS
 THE FOLLOWING WEATHER WAS RECORDED YESTERDAY.
  THUNDERSTORM
  RAIN
  LIGHT RAIN
  FOG


RELATIVE HUMIDITY (PERCENT)
 HIGHEST    93           600 AM
 LOWEST     69          1000 AM
 AVERAGE    81

..........................................................


THE HATTIESBURG CLIMATE NORMALS FOR TODAY
                         NORMAL    RECORD    YEAR
 MAXIMUM TEMPERATURE (F)   81        87      2014
                                             1989
                                             1975
 MINIMUM TEMPERATURE (F)   56        41      1968


SUNRISE AND SUNSET
APRIL 26 2015.........SUNRISE   617 AM CDT   SUNSET   733 PM CDT
APRIL 27 2015.........SUNRISE   616 AM CDT   SUNSET   733 PM CDT


-  INDICATES NEGATIVE NUMBERS.
R  INDICATES RECORD WAS SET OR TIED.
MM INDICATES DATA IS MISSING.
T  INDICATES TRACE AMOUNT.




$$
