000
CDUS46 KHNX 180821
CLIHJO


CLIMATE REPORT
NATIONAL WEATHER SERVICE SAN JOAQUIN VALLEY, CA
120 AM PDT SAT APR 18 2015


...................................

...THE HANFORD CA CLIMATE SUMMARY FOR APRIL 17 2015...

CLIMATE NORMAL PERIOD 1981 TO 2010
CLIMATE RECORD PERIOD 1998 TO 2015


WEATHER ITEM   OBSERVED TIME   RECORD YEAR NORMAL DEPARTURE
                VALUE   (LST)  VALUE       VALUE  FROM
                                                  NORMAL
...............................................................
TEMPERATURE (F)
 YESTERDAY
  MAXIMUM         88    430 PM  89    1999  75     13
  MINIMUM         48    539 AM  40    2009  47      1
  AVERAGE         68                        61      7

PRECIPITATION (IN)
  YESTERDAY        0.00          0.88 2000   0.03  -0.03
  MONTH TO DATE    0.70                      0.44   0.26
  SINCE OCT 1      4.75                      8.97  -4.22
  SINCE JAN 1      1.63                      5.84  -4.21

SNOWFALL (IN)
  YESTERDAY        0.0
  MONTH TO DATE    0.0
  SINCE MAR 1      0.0
  SINCE JUL 1      0.0
  SNOW DEPTH       0

DEGREE DAYS
 HEATING
  YESTERDAY        0
  MONTH TO DATE   55
  SINCE MAR 1    145
  SINCE JUL 1   1687

 COOLING
  YESTERDAY        3
  MONTH TO DATE   15
  SINCE MAR 1     73
  SINCE JAN 1     73
...............................................................


WIND (MPH)
  HIGHEST WIND SPEED    12   HIGHEST WIND DIRECTION    NW (330)
  HIGHEST GUST SPEED    16   HIGHEST GUST DIRECTION     N (20)
  AVERAGE WIND SPEED     4.4




RELATIVE HUMIDITY (PERCENT)
 HIGHEST    77
 LOWEST     10
 AVERAGE    44

..........................................................


THE HANFORD CA CLIMATE NORMALS FOR TODAY
                         NORMAL    RECORD    YEAR
 MAXIMUM TEMPERATURE (F)   76        90      1999
 MINIMUM TEMPERATURE (F)   47        35      2013


SUNRISE AND SUNSET
APRIL 18 2015.........SUNRISE   621 AM PDT   SUNSET   735 PM PDT
APRIL 19 2015.........SUNRISE   620 AM PDT   SUNSET   736 PM PDT


-  INDICATES NEGATIVE NUMBERS.
R  INDICATES RECORD WAS SET OR TIED.
MM INDICATES DATA IS MISSING.
T  INDICATES TRACE AMOUNT.




$$
