000
CDUS44 KHGX 251340
CLIHOU

CLIMATE REPORT
NATIONAL WEATHER SERVICE HOUSTON/GALVESTON TX
830 AM CDT SAT APR 25 2015


...MORNING CLIMATE DATA...

                            MORNING LOW    PRECIP SINCE MIDNIGHT
HOUSTON INTERCONTINENTAL         76                0.02
GALVESTON SCHOLES FIELD          75                0.03
BRYAN/COLLEGE STATION            73                0.09
HOUSTON HOBBY                    76                0.01

...................................

...THE HOUSTON INTERCONTINENTAL CLIMATE SUMMARY FOR APRIL 24 2015...

CLIMATE NORMAL PERIOD 1981 TO 2010
CLIMATE RECORD PERIOD 1892 TO 2015


WEATHER ITEM   OBSERVED TIME   RECORD YEAR NORMAL DEPARTURE LAST
                VALUE   (LST)  VALUE       VALUE  FROM      YEAR
                                                  NORMAL
..................................................................
TEMPERATURE (F)
 YESTERDAY
  MAXIMUM         85    406 PM  92    1894  81      4       84
  MINIMUM         71    442 AM  46    1995  62      9       69
  AVERAGE         78                        72      6       77

PRECIPITATION (IN)
  YESTERDAY        T             2.24 1918   0.12  -0.12     0.00
  MONTH TO DATE    5.87                      2.54   3.33     1.56
  SINCE MAR 1     12.21                      5.95   6.26     4.01
  SINCE JAN 1     16.04                     12.53   3.51     7.36

SNOWFALL (IN)
  YESTERDAY        0.0          MM      MM
  MONTH TO DATE    0.0
  SINCE MAR 1      0.0
  SINCE JUL 1      0.0

DEGREE DAYS
 HEATING
  YESTERDAY        0                         0      0        0
  MONTH TO DATE    3                        35    -32       41
  SINCE MAR 1    142                       176    -34      255
  SINCE JUL 1   1461                      1364     97     1735

 COOLING
  YESTERDAY       13                         7      6       12
  MONTH TO DATE  202                       126     76      117
  SINCE MAR 1    270                       197     73      149
  SINCE JAN 1    280                       235     45      183
..................................................................


WIND (MPH)
  HIGHEST WIND SPEED    17   HIGHEST WIND DIRECTION     S (160)
  HIGHEST GUST SPEED    23   HIGHEST GUST DIRECTION     S (160)




RELATIVE HUMIDITY (PERCENT)
 HIGHEST   100
 LOWEST     65
 AVERAGE    83

..........................................................


THE HOUSTON INTERCONTINENTAL CLIMATE NORMALS FOR TODAY
                         NORMAL    RECORD    YEAR
 MAXIMUM TEMPERATURE (F)   82        90      2006
                                             1945
                                             1932
 MINIMUM TEMPERATURE (F)   62        41      1910


SUNRISE AND SUNSET
APRIL 25 2015.........SUNRISE   644 AM CDT   SUNSET   755 PM CDT
APRIL 26 2015.........SUNRISE   643 AM CDT   SUNSET   755 PM CDT


-  INDICATES NEGATIVE NUMBERS.
R  INDICATES RECORD WAS SET OR TIED.
MM INDICATES DATA IS MISSING.
T  INDICATES TRACE AMOUNT.




...................................

...THE HOUSTON/HOBBY AIRPORT CLIMATE SUMMARY FOR APRIL 24 2015...

CLIMATE NORMAL PERIOD 1981 TO 2010
CLIMATE RECORD PERIOD 1930 TO 2015


WEATHER ITEM   OBSERVED TIME   RECORD YEAR NORMAL DEPARTURE LAST
                VALUE   (LST)  VALUE       VALUE  FROM      YEAR
                                                  NORMAL
..................................................................
TEMPERATURE (F)
 YESTERDAY
  MAXIMUM         85    124 PM  90    1987  81      4       83
  MINIMUM         72    110 AM  49    1995  63      9       68
  AVERAGE         79                        72      7       76

PRECIPITATION (IN)
  YESTERDAY        T             4.72 2009   0.12  -0.12     0.00
  MONTH TO DATE    7.79                      2.51   5.28     1.30
  SINCE MAR 1     14.17                      5.71   8.46     3.84
  SINCE JAN 1     20.05                     12.79   7.26     6.46

SNOWFALL (IN)
  YESTERDAY        0.0          MM      MM
  MONTH TO DATE    0.0
  SINCE MAR 1      0.0
  SINCE JUL 1      0.0

DEGREE DAYS
 HEATING
  YESTERDAY        0                         0      0        0
  MONTH TO DATE    0                        27    -27       31
  SINCE MAR 1    115                       148    -33      218
  SINCE JUL 1   1300                      1218     82     1545

 COOLING
  YESTERDAY       14                         7      7       11
  MONTH TO DATE  213                       127     86      108
  SINCE MAR 1    288                       196     92      146
  SINCE JAN 1    298                       234     64      185
..................................................................


WIND (MPH)
  HIGHEST WIND SPEED    18   HIGHEST WIND DIRECTION     S (160)
  HIGHEST GUST SPEED    25   HIGHEST GUST DIRECTION     S (160)




RELATIVE HUMIDITY (PERCENT)
 HIGHEST    94
 LOWEST     70
 AVERAGE    82

..........................................................


THE HOUSTON/HOBBY AIRPORT CLIMATE NORMALS FOR TODAY
                         NORMAL    RECORD    YEAR
 MAXIMUM TEMPERATURE (F)   81        91      1932
 MINIMUM TEMPERATURE (F)   63        46      1937


SUNRISE AND SUNSET
APRIL 25 2015.........SUNRISE   645 AM CDT   SUNSET   754 PM CDT
APRIL 26 2015.........SUNRISE   644 AM CDT   SUNSET   755 PM CDT


-  INDICATES NEGATIVE NUMBERS.
R  INDICATES RECORD WAS SET OR TIED.
MM INDICATES DATA IS MISSING.
T  INDICATES TRACE AMOUNT.
..........................................................

...MISCELLANEOUS CLIMATE DATA FOR YESTERDAY...

LOCATION                        HIGH    LOW     PRECIP

PEARLAND                         86      73       T
SUGAR LAND                       86      72       T
TOMBALL                          86      72      0.02
CONROE                           84      69      0.13
HUNTSVILLE                       81      67      1.27
ANGLETON/LAKE JACKSON            83      68      0.05
PALACIOS                         84      74      0.01
LEAGUE CITY (NWS)                85      72      0.01


THIS PRODUCT...ALONG WITH OTHER WEATHER...HYDROLOGIC...AND CLIMATE
PRODUCTS...IS AVAILABLE ON THE WEB AT HTTP://WWW.SRH.NOAA.GOV/HGX
OR AT HTTP://WEATHER.GOV

$$
