000
CDUS46 KSEW 190830
CLIHQM


CLIMATE REPORT
NATIONAL WEATHER SERVICE SEATTLE WA
130 AM PDT SUN APR 19 2015


...................................

...THE HOQUIAM WA AIRPORT CLIMATE SUMMARY FOR APRIL 18 2015...

CLIMATE NORMAL PERIOD 1981 TO 2010
CLIMATE RECORD PERIOD 1953 TO 2015


WEATHER ITEM   OBSERVED TIME   RECORD YEAR NORMAL DEPARTURE LAST
                VALUE   (LST)  VALUE       VALUE  FROM      YEAR
                                                  NORMAL
..................................................................
TEMPERATURE (F)
 YESTERDAY
  MAXIMUM         63    458 PM  72    1962  56      7       55
  MINIMUM         37    515 AM  30    1964  42     -5       42
                                      1955
  AVERAGE         50                        49      1       49

PRECIPITATION (IN)
  YESTERDAY        0.00          0.91 1960   0.17  -0.17     0.00
  MONTH TO DATE    2.46                      3.31  -0.85     2.87
  SINCE OCT 1     56.49                     55.50   0.99    43.57
  SINCE JAN 1     25.07                     27.84  -2.77    31.46

DEGREE DAYS
 HEATING
  YESTERDAY       15                        16     -1       16
  MONTH TO DATE  315                       305     10      281
  SINCE MAR 1    778                       894   -116      818

 COOLING
  YESTERDAY        0                         0      0        0
  MONTH TO DATE    0                         0      0        0
  SINCE MAR 1      0                         0      0        0
  SINCE JAN 1      0                         0      0        0
..................................................................


WIND (MPH)
  RESULTANT WIND SPEED   3   RESULTANT WIND DIRECTION   W (260)
  HIGHEST WIND SPEED    17   HIGHEST WIND DIRECTION    SW (240)
  HIGHEST GUST SPEED    20   HIGHEST GUST DIRECTION    SW (240)
  AVERAGE WIND SPEED     4.7


SKY COVER
  AVERAGE SKY COVER 0.0


WEATHER CONDITIONS
 THE FOLLOWING WEATHER WAS RECORDED YESTERDAY.
  FOG


RELATIVE HUMIDITY (PERCENT)
 HIGHEST   100           400 AM
 LOWEST     52           600 PM
 AVERAGE    76

..........................................................


THE HOQUIAM WA AIRPORT CLIMATE NORMALS FOR TODAY
                         NORMAL    RECORD    YEAR
 MAXIMUM TEMPERATURE (F)   56        73      1956
 MINIMUM TEMPERATURE (F)   42        32      1982


SUNRISE AND SUNSET
APRIL 19 2015.........SUNRISE   621 AM PDT   SUNSET   810 PM PDT
APRIL 20 2015.........SUNRISE   619 AM PDT   SUNSET   811 PM PDT


-  INDICATES NEGATIVE NUMBERS.
R  INDICATES RECORD WAS SET OR TIED.
MM INDICATES DATA IS MISSING.
T  INDICATES TRACE AMOUNT.




$$
