000
CDUS44 KBRO 062128
CLIHRL


CLIMATE REPORT
NATIONAL WEATHER SERVICE BROWNSVILLE TX
427 PM CDT WED MAY 6 2015


...................................

...THE HARLINGEN CLIMATE SUMMARY FOR MAY 6 2015...
VALID TODAY AS OF 0400 PM LOCAL TIME.

CLIMATE NORMAL PERIOD 1981 TO 2010
CLIMATE RECORD PERIOD 1912 TO 2015


WEATHER ITEM   OBSERVED TIME   RECORD YEAR NORMAL DEPARTURE LAST
                VALUE   (LST)  VALUE       VALUE  FROM      YEAR
                                                  NORMAL
..................................................................
TEMPERATURE (F)
 TODAY
  MAXIMUM         86    259 PM 100    1934  89     -3       92
  MINIMUM         76    625 AM  48    1970  69      7       68
  AVERAGE         81                        79      2       80

PRECIPITATION (IN)
  TODAY            T             0.88 1987   0.09  -0.09     0.00
  MONTH TO DATE    T                         0.48  -0.48      T
  SINCE MAR 1      6.79                      3.44   3.35     1.95
  SINCE JAN 1      9.71                      5.91   3.80     2.95

SNOWFALL (IN)
  TODAY            0.0
  MONTH TO DATE    0.0
  SINCE MAR 1      0.0
  SINCE JUL 1      0.0
  SNOW DEPTH       0

DEGREE DAYS
 HEATING
  TODAY            0                         0      0        0
  MONTH TO DATE    0                         0      0        0
  SINCE MAR 1     74                        54     20      119
  SINCE JUL 1    767                       622    145      930

 COOLING
  TODAY           16                        14      2       15
  MONTH TO DATE   71                        82    -11       46
  SINCE MAR 1    571                       571      0      457
  SINCE JAN 1    630                       696    -66      568
..................................................................


WIND (MPH)
  HIGHEST WIND SPEED    23   HIGHEST WIND DIRECTION    SE (150)
  HIGHEST GUST SPEED    29   HIGHEST GUST DIRECTION    SE (140)
  AVERAGE WIND SPEED    16.0



WEATHER CONDITIONS
 THE FOLLOWING WEATHER WAS RECORDED TODAY.
  NO SIGNIFICANT WEATHER WAS OBSERVED.


RELATIVE HUMIDITY (PERCENT)
 HIGHEST    94
 LOWEST     65
 AVERAGE    80

..........................................................


THE HARLINGEN CLIMATE NORMALS FOR TOMORROW
                         NORMAL    RECORD    YEAR
 MAXIMUM TEMPERATURE (F)   89       101      1933
 MINIMUM TEMPERATURE (F)   70        51      1928


SUNRISE AND SUNSET
MAY  6 2015...........SUNRISE   650 AM CDT   SUNSET   805 PM CDT
MAY  7 2015...........SUNRISE   649 AM CDT   SUNSET   806 PM CDT


-  INDICATES NEGATIVE NUMBERS.
R  INDICATES RECORD WAS SET OR TIED.
MM INDICATES DATA IS MISSING.
T  INDICATES TRACE AMOUNT.




$$
