000
CDUS43 KGID 030628
CLIHSI


CLIMATE REPORT
NATIONAL WEATHER SERVICE HASTINGS NE
127 AM CDT SUN MAY 3 2015


...................................

...THE HASTINGS NE CLIMATE SUMMARY FOR MAY 2 2015...

CLIMATE NORMAL PERIOD 1981 TO 2010
CLIMATE RECORD PERIOD 1894 TO 2015


WEATHER ITEM   OBSERVED TIME   RECORD YEAR NORMAL DEPARTURE LAST
                VALUE   (LST)  VALUE       VALUE  FROM      YEAR
                                                  NORMAL
..................................................................
TEMPERATURE (F)
 YESTERDAY
  MAXIMUM         86    438 PM  93    1955  68     18       76
  MINIMUM         60    422 AM  24    1909  45     15       36
  AVERAGE         73                        56     17       56

PRECIPITATION (IN)
  YESTERDAY        0.00          1.52 1954   0.16  -0.16     0.00
  MONTH TO DATE    T                         0.32  -0.32     0.00
  SINCE MAR 1      3.75                      4.67  -0.92     4.08
  SINCE JAN 1      4.86                      5.57  -0.71     4.79

SNOWFALL (IN)
  YESTERDAY        0.0           T    2008   0.0    0.0      0.0
                                      2006
                                      1967
  MONTH TO DATE    0.0                       0.0    0.0      0.0
  SINCE MAR 1      0.8                       6.4   -5.6      3.4
  SINCE JUL 1     17.0                      28.8  -11.8     21.7
  SNOW DEPTH       0

DEGREE DAYS
 HEATING
  YESTERDAY        0                         9     -9        9
  MONTH TO DATE    0                        18    -18       26
  SINCE MAR 1    991                      1227   -236     1289
  SINCE JUL 1   5614                      5857   -243     6169

 COOLING
  YESTERDAY        8                         0      8        0
  MONTH TO DATE    9                         0      9        0
  SINCE MAR 1     13                         5      8        8
  SINCE JAN 1     13                         5      8        8
..................................................................


WIND (MPH)
  HIGHEST WIND SPEED    17   HIGHEST WIND DIRECTION     S (200)
  HIGHEST GUST SPEED    26   HIGHEST GUST DIRECTION     S (200)
  AVERAGE WIND SPEED    10.1


SKY COVER
  AVERAGE SKY COVER 0.2


WEATHER CONDITIONS
 THE FOLLOWING WEATHER WAS RECORDED YESTERDAY.
  NO SIGNIFICANT WEATHER WAS OBSERVED.


RELATIVE HUMIDITY (PERCENT)
 HIGHEST    72           200 AM
 LOWEST     25           500 PM
 AVERAGE    49

..........................................................


THE HASTINGS NE CLIMATE NORMALS FOR TODAY
                         NORMAL    RECORD    YEAR
 MAXIMUM TEMPERATURE (F)   68        89      1959
 MINIMUM TEMPERATURE (F)   45        24      1907


SUNRISE AND SUNSET
MAY  3 2015...........SUNRISE   630 AM CDT   SUNSET   831 PM CDT
MAY  4 2015...........SUNRISE   629 AM CDT   SUNSET   833 PM CDT


-  INDICATES NEGATIVE NUMBERS.
R  INDICATES RECORD WAS SET OR TIED.
MM INDICATES DATA IS MISSING.
T  INDICATES TRACE AMOUNT.




$$
