000
CDUS44 KHUN 172122
CLIHSV


CLIMATE REPORT
NATIONAL WEATHER SERVICE HUNTSVILLE AL
422 PM CDT FRI APR 17 2015


...................................

...THE HUNTSVILLE CLIMATE SUMMARY FOR APRIL 17 2015...
VALID TODAY AS OF 0400 PM LOCAL TIME.

CLIMATE NORMAL PERIOD 1981 TO 2010
CLIMATE RECORD PERIOD 1894 TO 2015


WEATHER ITEM   OBSERVED TIME   RECORD YEAR NORMAL DEPARTURE LAST
                VALUE   (LST)  VALUE       VALUE  FROM      YEAR
                                                  NORMAL
..................................................................
TEMPERATURE (F)
 TODAY
  MAXIMUM         66    150 PM  90    2006  74     -8       70
                                      1955
  MINIMUM         59    444 AM  31    1956  50      9       43
  AVERAGE         63                        62      1       57

PRECIPITATION (IN)
  TODAY            0.06          3.34 1900   0.14  -0.08     0.00
  MONTH TO DATE    4.25                      2.44   1.81     3.95
  SINCE MAR 1      9.87                      7.65   2.22     6.63
  SINCE JAN 1     17.61                     17.38   0.23    16.50

SNOWFALL (IN)
  TODAY            0.0
  MONTH TO DATE    0.0
  SINCE MAR 1      1.0
  SINCE JUL 1      9.8
  SNOW DEPTH       0

DEGREE DAYS
 HEATING
  TODAY            2                         5     -3        8
  MONTH TO DATE   30                       110    -80      113
  SINCE MAR 1    337                       478   -141      575
  SINCE JUL 1   2978                      2930     48     3410

 COOLING
  TODAY            0                         2     -2        0
  MONTH TO DATE   47                        25     22       18
  SINCE MAR 1     49                        38     11       18
  SINCE JAN 1     49                        39     10       19
..................................................................


WIND (MPH)
  HIGHEST WIND SPEED    12   HIGHEST WIND DIRECTION    SE (120)
  HIGHEST GUST SPEED    14   HIGHEST GUST DIRECTION    SE (130)
  AVERAGE WIND SPEED     6.6


SKY COVER
  POSSIBLE SUNSHINE  MM
  AVERAGE SKY COVER 1.0


WEATHER CONDITIONS
 THE FOLLOWING WEATHER WAS RECORDED TODAY.
  LIGHT RAIN
  FOG


RELATIVE HUMIDITY (PERCENT)
 HIGHEST    90           800 AM
 LOWEST     78          1100 AM
 AVERAGE    84

..........................................................


THE HUNTSVILLE CLIMATE NORMALS FOR TOMORROW
                         NORMAL    RECORD    YEAR
 MAXIMUM TEMPERATURE (F)   74        90      2006
 MINIMUM TEMPERATURE (F)   51        33      1983
                                             1956


SUNRISE AND SUNSET
APRIL 17 2015.........SUNRISE   613 AM CDT   SUNSET   721 PM CDT
APRIL 18 2015.........SUNRISE   612 AM CDT   SUNSET   721 PM CDT


-  INDICATES NEGATIVE NUMBERS.
R  INDICATES RECORD WAS SET OR TIED.
MM INDICATES DATA IS MISSING.
T  INDICATES TRACE AMOUNT.




$$
