000
CDUS43 KAPX 192125
CLIHTL


CLIMATE REPORT
NATIONAL WEATHER SERVICE GAYLORD MI
525 PM EDT SUN APR 19 2015


...................................

...THE HOUGHTON LAKE MI CLIMATE SUMMARY FOR APRIL 19 2015...
VALID TODAY AS OF 0500 PM LOCAL TIME.

CLIMATE NORMAL PERIOD 1981 TO 2010
CLIMATE RECORD PERIOD 1913 TO 2015


WEATHER ITEM   OBSERVED TIME   RECORD YEAR NORMAL DEPARTURE LAST
                VALUE   (LST)  VALUE       VALUE  FROM      YEAR
                                                  NORMAL
..................................................................
TEMPERATURE (F)
 TODAY
  MAXIMUM         62    212 PM  81    1948  56      6       54
                                      1927
                                      1914
  MINIMUM         32    136 AM   2    1918  33     -1       24
  AVERAGE         47                        44      3       39

PRECIPITATION (IN)
  TODAY            0.00          1.30 1925   0.08  -0.08     0.00
  MONTH TO DATE    1.77                      1.62   0.15     4.28
  SINCE MAR 1      2.24                      3.46  -1.22     5.43
  SINCE JAN 1      4.05                      6.18  -2.13     8.23

SNOWFALL (IN)
  TODAY            0.0           4.0  2011   0.1             0.0
  MONTH TO DATE    1.0                       3.2             3.5
  SINCE OCT 1     44.2                      66.0            61.9
  SINCE JUL 1     44.2                      66.0            61.9

DEGREE DAYS
 HEATING
  TODAY           18                        21     -3       26
  MONTH TO DATE  426                       473    -47      508
  SINCE MAR 1   1593                      1586      7     1914
  SINCE JUL 1   7960                      7458    502     8362

 COOLING
  TODAY            0                         0      0        0
  MONTH TO DATE    0                         0      0        0
  SINCE MAR 1      0                         0      0        0
  SINCE JAN 1      0                         0      0        0
..................................................................


WIND (MPH)
  RESULTANT WIND SPEED  13   RESULTANT WIND DIRECTION   E (100)
  HIGHEST WIND SPEED    24   HIGHEST WIND DIRECTION     E (100)
  HIGHEST GUST SPEED    32   HIGHEST GUST DIRECTION     E (100)
  AVERAGE WIND SPEED    13.0


SKY COVER
  POSSIBLE SUNSHINE  MM
  AVERAGE SKY COVER 0.0


WEATHER CONDITIONS
 THE FOLLOWING WEATHER WAS RECORDED TODAY.
  NO SIGNIFICANT WEATHER WAS OBSERVED.


RELATIVE HUMIDITY (PERCENT)
 HIGHEST    75           200 AM
 LOWEST     22           100 PM
 AVERAGE    49

..........................................................


THE HOUGHTON LAKE MI CLIMATE NORMALS FOR TOMORROW
                         NORMAL    RECORD    YEAR
 MAXIMUM TEMPERATURE (F)   56        83      1987
 MINIMUM TEMPERATURE (F)   33         9      1928


SUNRISE AND SUNSET
APRIL 19 2015.........SUNRISE   649 AM EDT   SUNSET   828 PM EDT
APRIL 20 2015.........SUNRISE   647 AM EDT   SUNSET   829 PM EDT


-  INDICATES NEGATIVE NUMBERS.
R  INDICATES RECORD WAS SET OR TIED.
MM INDICATES DATA IS MISSING.
T  INDICATES TRACE AMOUNT.




$$
