000
CDUS41 KPHI 192129
CLIILG


CLIMATE REPORT
NATIONAL WEATHER SERVICE MOUNT HOLLY NJ
528 PM EDT SUN APR 19 2015


...................................

...THE WILMINGTON DE CLIMATE SUMMARY FOR APRIL 19 2015...
VALID TODAY AS OF 0500 PM LOCAL TIME.

CLIMATE NORMAL PERIOD 1981 TO 2010
CLIMATE RECORD PERIOD 1894 TO 2015


WEATHER ITEM   OBSERVED TIME   RECORD YEAR NORMAL DEPARTURE LAST
                VALUE   (LST)  VALUE       VALUE  FROM      YEAR
                                                  NORMAL
..................................................................
TEMPERATURE (F)
 TODAY
  MAXIMUM         66   1205 AM  94    1896  65      1       69
  MINIMUM         54    501 AM  29    1926  44     10       40
  AVERAGE         60                        54      6       55

PRECIPITATION (IN)
  TODAY            0.00          2.03 1943   0.11  -0.11     0.00
  MONTH TO DATE    1.42                      2.27  -0.85     1.75
  SINCE MAR 1      6.81                      6.19   0.62     5.57
  SINCE JAN 1     13.42                     11.88   1.54    14.15

SNOWFALL (IN)
  TODAY            0.0           0.4  1983   0.0    0.0      0.0
  MONTH TO DATE    0.0                       0.3   -0.3      0.0
  SINCE MAR 1      8.6                       2.2    6.4      7.7
  SINCE JUL 1     23.4                      20.2    3.2     56.1
  SNOW DEPTH       0

DEGREE DAYS
 HEATING
  TODAY            5                        11     -6       10
  MONTH TO DATE  213                       262    -49      241
  SINCE MAR 1   1047                       945    102     1061
  SINCE JUL 1   4886                      4568    318     4916

 COOLING
  TODAY            0                         0      0        0
  MONTH TO DATE    1                         0      1        7
  SINCE MAR 1      1                         1      0        7
  SINCE JAN 1      1                         1      0        7
..................................................................


WIND (MPH)
  HIGHEST WIND SPEED    20   HIGHEST WIND DIRECTION    NE (30)
  HIGHEST GUST SPEED    26   HIGHEST GUST DIRECTION    NE (30)
  AVERAGE WIND SPEED    12.3


SKY COVER
  POSSIBLE SUNSHINE  MM
  AVERAGE SKY COVER 0.0


WEATHER CONDITIONS
 THE FOLLOWING WEATHER WAS RECORDED TODAY.
  NO SIGNIFICANT WEATHER WAS OBSERVED.


RELATIVE HUMIDITY (PERCENT)
 HIGHEST    51           800 AM
 LOWEST     23           100 AM
 AVERAGE    37

..........................................................


THE WILMINGTON DE CLIMATE NORMALS FOR TOMORROW
                         NORMAL    RECORD    YEAR
 MAXIMUM TEMPERATURE (F)   65        90      1985
 MINIMUM TEMPERATURE (F)   44        27      1926


SUNRISE AND SUNSET
APRIL 19 2015.........SUNRISE   620 AM EDT   SUNSET   744 PM EDT
APRIL 20 2015.........SUNRISE   618 AM EDT   SUNSET   745 PM EDT


-  INDICATES NEGATIVE NUMBERS.
R  INDICATES RECORD WAS SET OR TIED.
MM INDICATES DATA IS MISSING.
T  INDICATES TRACE AMOUNT.




$$
