000
CDUS42 KILM 032041
CLIILM


CLIMATE REPORT
NATIONAL WEATHER SERVICE WILMINGTON NC
440 PM EDT SUN MAY 3 2015


...................................

...THE WILMINGTON NC CLIMATE SUMMARY FOR MAY 3 2015...
VALID TODAY AS OF 0400 PM LOCAL TIME.

CLIMATE NORMAL PERIOD 1981 TO 2010
CLIMATE RECORD PERIOD 1871 TO 2015


WEATHER ITEM   OBSERVED TIME   RECORD YEAR NORMAL DEPARTURE LAST
                VALUE   (LST)  VALUE       VALUE  FROM      YEAR
                                                  NORMAL
..................................................................
TEMPERATURE (F)
 TODAY
  MAXIMUM         78    158 PM  94    1959  78      0       80
                                      1901
  MINIMUM         49    554 AM  40    1981  56     -7       59
                                      1939
  AVERAGE         64                        67     -3       70

PRECIPITATION (IN)
  TODAY            0.00          2.79 1964   0.12  -0.12     0.01
  MONTH TO DATE    0.18                      0.34  -0.16     0.01
  SINCE MAR 1      5.77                      7.37  -1.60    11.30
  SINCE JAN 1     15.09                     14.75   0.34    16.76

DEGREE DAYS
 HEATING
  TODAY            1                         2     -1        0
  MONTH TO DATE   10                         6      4        0
  SINCE MAR 1    414                       459    -45      498
  SINCE JUL 1   2597                      2388    209     2432

 COOLING
  TODAY            0                         4     -4        5
  MONTH TO DATE    0                        12    -12       19
  SINCE MAR 1     83                        95    -12      129
  SINCE JAN 1     89                       100    -11      134
..................................................................


WIND (MPH)
  HIGHEST WIND SPEED    14   HIGHEST WIND DIRECTION    SE (150)
  HIGHEST GUST SPEED    19   HIGHEST GUST DIRECTION    SE (150)
  AVERAGE WIND SPEED     3.5


SKY COVER
  POSSIBLE SUNSHINE  MM
  AVERAGE SKY COVER 0.0


WEATHER CONDITIONS
 THE FOLLOWING WEATHER WAS RECORDED TODAY.
  FOG
  HAZE


RELATIVE HUMIDITY (PERCENT)
 HIGHEST   100           600 AM
 LOWEST     24          1200 PM
 AVERAGE    62

..........................................................


THE WILMINGTON NC CLIMATE NORMALS FOR TOMORROW
                         NORMAL    RECORD    YEAR
 MAXIMUM TEMPERATURE (F)   78        92      1913
 MINIMUM TEMPERATURE (F)   56        42      1986
                                             1971
                                             1876


SUNRISE AND SUNSET
MAY  3 2015...........SUNRISE   620 AM EDT   SUNSET   757 PM EDT
MAY  4 2015...........SUNRISE   619 AM EDT   SUNSET   758 PM EDT


-  INDICATES NEGATIVE NUMBERS.
R  INDICATES RECORD WAS SET OR TIED.
MM INDICATES DATA IS MISSING.
T  INDICATES TRACE AMOUNT.




$$
