000
CDUS43 KDLH 060620
CLIINL


CLIMATE REPORT
NATIONAL WEATHER SERVICE DULUTH MN
119 AM CDT WED MAY 6 2015


...................................

...THE INTERNATIONAL FALLS MN CLIMATE SUMMARY FOR MAY 5 2015...

CLIMATE NORMAL PERIOD 1981 TO 2010
CLIMATE RECORD PERIOD 1895 TO 2015


WEATHER ITEM   OBSERVED TIME   RECORD YEAR NORMAL DEPARTURE LAST
                VALUE   (LST)  VALUE       VALUE  FROM      YEAR
                                                  NORMAL
..................................................................
TEMPERATURE (F)
 YESTERDAY
  MAXIMUM         74    452 PM  86    1918  61     13       46
  MINIMUM         28    508 AM  19    1989  35     -7       30
                                      1968
  AVERAGE         51                        48      3       38

PRECIPITATION (IN)
  YESTERDAY        0.00          1.64 1950   0.07  -0.07     0.06
  MONTH TO DATE    0.13                      0.38  -0.25     0.21
  SINCE MAR 1      1.49                      2.86  -1.37     3.20
  SINCE JAN 1      3.51                      4.05  -0.54     4.95

SNOWFALL (IN)
  YESTERDAY        0.0           1.4  1989   0.0    0.0       T
  MONTH TO DATE    0.0                       0.1   -0.1       T
  SINCE MAR 1      7.8                      14.1   -6.3     24.8
  SINCE JUL 1     64.5                      70.9   -6.4    101.2
  SNOW DEPTH       0

DEGREE DAYS
 HEATING
  YESTERDAY       14                        17     -3       27
  MONTH TO DATE   62                        89    -27      136
  SINCE MAR 1   1990                      2144   -154     2649
  SINCE JUL 1   9744                      9727     17    11080

 COOLING
  YESTERDAY        0                         0      0        0
  MONTH TO DATE    0                         0      0        0
  SINCE MAR 1      0                         1     -1        0
  SINCE JAN 1      0                         1     -1        0
..................................................................


WIND (MPH)
  HIGHEST WIND SPEED    18   HIGHEST WIND DIRECTION    SE (140)
  HIGHEST GUST SPEED    28   HIGHEST GUST DIRECTION    SE (140)
  AVERAGE WIND SPEED     6.0


SKY COVER
  AVERAGE SKY COVER 0.0


WEATHER CONDITIONS
 THE FOLLOWING WEATHER WAS RECORDED YESTERDAY.
  NO SIGNIFICANT WEATHER WAS OBSERVED.


RELATIVE HUMIDITY (PERCENT)
 HIGHEST    92          1200 AM
 LOWEST     14           300 PM
 AVERAGE    53

..........................................................


THE INTERNATIONAL FALLS MN CLIMATE NORMALS FOR TODAY
                         NORMAL    RECORD    YEAR
 MAXIMUM TEMPERATURE (F)   62        86      1918
 MINIMUM TEMPERATURE (F)   35        23      1976


SUNRISE AND SUNSET
MAY  6 2015...........SUNRISE   546 AM CDT   SUNSET   835 PM CDT
MAY  7 2015...........SUNRISE   545 AM CDT   SUNSET   837 PM CDT


-  INDICATES NEGATIVE NUMBERS.
R  INDICATES RECORD WAS SET OR TIED.
MM INDICATES DATA IS MISSING.
T  INDICATES TRACE AMOUNT.




$$
