000
CDUS45 KFGZ 210059
CLIINW
CLIMATE REPORT
NATIONAL WEATHER SERVICE FLAGSTAFF, AZ
558 PM MST MON APR 20 2015


...................................

...THE WINSLOW AZ AIRPORT CLIMATE SUMMARY FOR APRIL 20 2015...
VALID TODAY AS OF 0500 PM LOCAL TIME.

CLIMATE NORMAL PERIOD 1981 TO 2010
CLIMATE RECORD PERIOD 1915 TO 2015


WEATHER ITEM   OBSERVED TIME   RECORD YEAR NORMAL DEPARTURE LAST
                VALUE   (LST)  VALUE       VALUE  FROM      YEAR
                                                  NORMAL
..................................................................
TEMPERATURE (F)
 TODAY
  MAXIMUM         78   1225 PM  90    1965  73      5       78
  MINIMUM         37    606 AM  22    1967  38     -1       40
  AVERAGE         58                        56      2       59

PRECIPITATION (IN)
  TODAY            0.00          0.40 1952   0.00   0.00     0.00
  MONTH TO DATE    0.01                      0.19  -0.18     0.03
  SINCE SEP 1      5.15                      4.19   0.96     4.86
  SINCE JAN 1      2.30                      1.71   0.59     1.05

DEGREE DAYS
 HEATING
  TODAY            7                        10     -3        6
  MONTH TO DATE  235                       247    -12      214
  SINCE JUL 1   3596                      4300   -704     4072

 COOLING
  TODAY            0                         0      0        0
  MONTH TO DATE    0                         0      0        0
  SINCE JAN 1      0                         0      0        0
..................................................................


WIND (MPH)
  HIGHEST WIND SPEED    24   HIGHEST WIND DIRECTION    SW (240)
  HIGHEST GUST SPEED    34   HIGHEST GUST DIRECTION     S (180)
  AVERAGE WIND SPEED     5.9


SKY COVER
  POSSIBLE SUNSHINE  MM
  AVERAGE SKY COVER 0.1


WEATHER CONDITIONS
 THE FOLLOWING WEATHER WAS RECORDED TODAY.
  NO SIGNIFICANT WEATHER WAS OBSERVED.


RELATIVE HUMIDITY (PERCENT)
 HIGHEST    59           500 AM
 LOWEST     10           100 PM
 AVERAGE    35

..........................................................


THE WINSLOW AZ AIRPORT CLIMATE NORMALS FOR TOMORROW
                         NORMAL    RECORD    YEAR
 MAXIMUM TEMPERATURE (F)   73        89      1989
                                             1965
                                             1930
 MINIMUM TEMPERATURE (F)   38        22      1977


SUNRISE AND SUNSET
APRIL 20 2015.........SUNRISE   545 AM MST   SUNSET   659 PM MST
APRIL 21 2015.........SUNRISE   544 AM MST   SUNSET   700 PM MST


-  INDICATES NEGATIVE NUMBERS.
R  INDICATES RECORD WAS SET OR TIED.
MM INDICATES DATA IS MISSING.
T  INDICATES TRACE AMOUNT.




$$
