000
CDUS41 KCTP 210651
CLIIPT


CLIMATE REPORT
NATIONAL WEATHER SERVICE STATE COLLEGE PA
250 AM EDT TUE APR 21 2015


...................................

...THE WILLIAMSPORT PA CLIMATE SUMMARY FOR APRIL 20 2015...

CLIMATE NORMAL PERIOD 1981 TO 2010
CLIMATE RECORD PERIOD 1895 TO 2015


WEATHER ITEM   OBSERVED TIME   RECORD YEAR NORMAL DEPARTURE LAST
                VALUE   (LST)  VALUE       VALUE  FROM      YEAR
                                                  NORMAL
..................................................................
TEMPERATURE (F)
 YESTERDAY
  MAXIMUM         69    440 PM  85    1976  63      6       66
                                      1941
  MINIMUM         45    258 AM  19    1897  40      5       32
  AVERAGE         57                        52      5       49

PRECIPITATION (IN)
  YESTERDAY        1.80          2.69 1901   0.10   1.70     0.00
  MONTH TO DATE    3.97                      2.18   1.79     1.92
  SINCE MAR 1      6.34                      5.15   1.19     4.81
  SINCE JAN 1      9.13                     10.19  -1.06     8.61

SNOWFALL (IN)
  YESTERDAY        0.0           0.8  1983   0.0    0.0      0.0
  MONTH TO DATE    0.0                       1.0   -1.0       T
  SINCE MAR 1     11.4                       7.9    3.5      0.1
  SINCE JUL 1     44.4                      35.9    8.5     45.9
  SNOW DEPTH       0

DEGREE DAYS
 HEATING
  YESTERDAY        8                        14     -6       16
  MONTH TO DATE  283                       340    -57      342
  SINCE MAR 1   1272                      1169    103     1342
  SINCE JUL 1   5909                      5636    273     6174

 COOLING
  YESTERDAY        0                         0      0        0
  MONTH TO DATE    0                         0      0        9
  SINCE MAR 1      0                         0      0        9
  SINCE JAN 1      0                         0      0        9
..................................................................


WIND (MPH)
  HIGHEST WIND SPEED    30   HIGHEST WIND DIRECTION     W (260)
  HIGHEST GUST SPEED    36   HIGHEST GUST DIRECTION     W (260)
  AVERAGE WIND SPEED    10.4


SKY COVER
  POSSIBLE SUNSHINE  MM
  AVERAGE SKY COVER 0.6


WEATHER CONDITIONS
 THE FOLLOWING WEATHER WAS RECORDED YESTERDAY.
  THUNDERSTORM
  HEAVY RAIN
  RAIN
  LIGHT RAIN
  FOG


RELATIVE HUMIDITY (PERCENT)
 HIGHEST    93           500 AM
 LOWEST     59           500 PM
 AVERAGE    76

..........................................................


THE WILLIAMSPORT PA CLIMATE NORMALS FOR TODAY
                         NORMAL    RECORD    YEAR
 MAXIMUM TEMPERATURE (F)   63        90      1941
 MINIMUM TEMPERATURE (F)   41        25      1925


SUNRISE AND SUNSET
APRIL 21 2015.........SUNRISE   620 AM EDT   SUNSET   754 PM EDT
APRIL 22 2015.........SUNRISE   618 AM EDT   SUNSET   755 PM EDT


-  INDICATES NEGATIVE NUMBERS.
R  INDICATES RECORD WAS SET OR TIED.
MM INDICATES DATA IS MISSING.
T  INDICATES TRACE AMOUNT.




$$
