000
CDUS43 KBIS 252234
CLIISN


CLIMATE REPORT
NATIONAL WEATHER SERVICE BISMARCK ND
533 PM CDT SAT APR 25 2015


...................................

...THE WILLISTON ND CLIMATE SUMMARY FOR APRIL 25 2015...
VALID TODAY AS OF 0500 PM LOCAL TIME.

CLIMATE NORMAL PERIOD 1981 TO 2010
CLIMATE RECORD PERIOD 1894 TO 2015


WEATHER ITEM   OBSERVED TIME   RECORD YEAR NORMAL DEPARTURE LAST
                VALUE   (LST)  VALUE       VALUE  FROM      YEAR
                                                  NORMAL
..................................................................
TEMPERATURE (F)
 TODAY
  MAXIMUM         57    357 PM  84    1977  61     -4       69
  MINIMUM         45    330 AM  15    1907  33     12       29
  AVERAGE         51                        47      4       49

PRECIPITATION (IN)
  TODAY            T             0.61 1938   0.04  -0.04      T
  MONTH TO DATE    0.11                      0.78  -0.67     0.37
  SINCE MAR 1      0.58                      1.49  -0.91     0.69
  SINCE JAN 1      1.52                      2.47  -0.95     1.13

SNOWFALL (IN)
  TODAY           MM

DEGREE DAYS
 HEATING
  TODAY           14                        18     -4       16
  MONTH TO DATE  542                       567    -25      616
  SINCE MAR 1   1411                      1674   -263     1819
  SINCE JUL 1   7927                      8442   -515     8768

 COOLING
  TODAY            0                         0      0        0
  MONTH TO DATE    0                         0      0        0
  SINCE MAR 1      0                         0      0        0
  SINCE JAN 1      0                         0      0        0
..................................................................


WIND (MPH)
  HIGHEST WIND SPEED    21   HIGHEST WIND DIRECTION    SE (120)
  HIGHEST GUST SPEED    26   HIGHEST GUST DIRECTION    SE (150)
  AVERAGE WIND SPEED    10.9


SKY COVER
  POSSIBLE SUNSHINE  MM
  AVERAGE SKY COVER 0.7


WEATHER CONDITIONS
 THE FOLLOWING WEATHER WAS RECORDED TODAY.
  LIGHT RAIN
  HAZE


RELATIVE HUMIDITY (PERCENT)
 HIGHEST    82           800 AM
 LOWEST     50          1200 AM
 AVERAGE    66

..........................................................


THE WILLISTON ND CLIMATE NORMALS FOR TOMORROW
                         NORMAL    RECORD    YEAR
 MAXIMUM TEMPERATURE (F)   62        91      1910
 MINIMUM TEMPERATURE (F)   34        12      1907


SUNRISE AND SUNSET
APRIL 25 2015.........SUNRISE   647 AM CDT   SUNSET   859 PM CDT
APRIL 26 2015.........SUNRISE   645 AM CDT   SUNSET   901 PM CDT


-  INDICATES NEGATIVE NUMBERS.
R  INDICATES RECORD WAS SET OR TIED.
MM INDICATES DATA IS MISSING.
T  INDICATES TRACE AMOUNT.




$$
