000
CDHW43 PHFO 070225
CLIITO


CLIMATE REPORT
NATIONAL WEATHER SERVICE HONOLULU HI
425 PM HST WED MAY 6 2015


...................................

...THE HILO HI CLIMATE SUMMARY FOR MAY 6 2015...
VALID TODAY AS OF 0400 PM LOCAL TIME.

CLIMATE NORMAL PERIOD 1981 TO 2010
CLIMATE RECORD PERIOD 1946 TO 2015


WEATHER ITEM   OBSERVED TIME   RECORD YEAR NORMAL DEPARTURE LAST
                VALUE   (LST)  VALUE       VALUE  FROM      YEAR
                                                  NORMAL
..................................................................
TEMPERATURE (F)
 TODAY
  MAXIMUM         82    256 PM  86    2005  80      2       82
                                      1995
                                      1980
  MINIMUM         66    328 AM  61    1971  66      0       67
                                      1966
                                      1956
  AVERAGE         74                        73      1       75

PRECIPITATION (IN)
  TODAY            0.08          4.27 2006   0.32  -0.24     0.09
  MONTH TO DATE    2.04                      1.93   0.11     4.13
  SINCE MAR 1     25.27                     26.90  -1.63    36.23
  SINCE JAN 1     33.36                     45.72 -12.36    44.46

SNOWFALL (IN)
  TODAY            0.0
  MONTH TO DATE    0.0
  SINCE MAR 1      0.0
  SINCE JUL 1      0.0
  SNOW DEPTH       0

DEGREE DAYS
 HEATING
  TODAY            0                         0      0        0
  MONTH TO DATE    0                         0      0        0
  SINCE MAR 1      0                         0      0        0
  SINCE JUL 1      0                         0      0        0

 COOLING
  TODAY            9                         8      1       10
  MONTH TO DATE   48                        48      0       59
  SINCE MAR 1    576                       475    101      550
  SINCE JAN 1   1102                       845    257     1008
..................................................................


WIND (MPH)
  HIGHEST WIND SPEED    15   HIGHEST WIND DIRECTION     E (100)
  HIGHEST GUST SPEED    20   HIGHEST GUST DIRECTION     E (70)
  AVERAGE WIND SPEED     6.4


SKY COVER
  POSSIBLE SUNSHINE  MM
  AVERAGE SKY COVER 0.7


WEATHER CONDITIONS
 THE FOLLOWING WEATHER WAS RECORDED TODAY.
  RAIN
  LIGHT RAIN
  FOG


RELATIVE HUMIDITY (PERCENT)
 HIGHEST    93           300 AM
 LOWEST     54           300 PM
 AVERAGE    74

..........................................................


THE HILO HI CLIMATE NORMALS FOR TOMORROW
                         NORMAL    RECORD    YEAR
 MAXIMUM TEMPERATURE (F)   80        86      1997
 MINIMUM TEMPERATURE (F)   66        62      1975
                                             1969


SUNRISE AND SUNSET
MAY  6 2015...........SUNRISE   549 AM HST   SUNSET   645 PM HST
MAY  7 2015...........SUNRISE   548 AM HST   SUNSET   646 PM HST


-  INDICATES NEGATIVE NUMBERS.
R  INDICATES RECORD WAS SET OR TIED.
MM INDICATES DATA IS MISSING.
T  INDICATES TRACE AMOUNT.




$$
