000
CDUS43 KGLD 250753
CLIITR

CLIMATE REPORT
NATIONAL WEATHER SERVICE GOODLAND
148 AM MDT SAT APR 25 2015

...................................

...THE BURLINGTON CO CLIMATE SUMMARY FOR APRIL 24 2015...

CLIMATE NORMAL PERIOD 1981 TO 2010
CLIMATE RECORD PERIOD 1896 TO 2015


WEATHER ITEM   OBSERVED TIME   RECORD YEAR NORMAL DEPARTURE LAST
                VALUE   (LST)  VALUE       VALUE  FROM      YEAR
                                                  NORMAL
..................................................................
TEMPERATURE (F)
 YESTERDAY
  MAXIMUM         73   1137 AM  92    2012  65      8       66
  MINIMUM         46   1122 PM  16    2013  36     10       40
  AVERAGE         60                        50     10       53

PRECIPITATION (IN)
  YESTERDAY        T                         0.07  -0.07     0.00
  MONTH TO DATE    2.16                      1.07   1.09     0.36
  SINCE MAR 1      2.48                      1.96   0.52     0.57
  SINCE JAN 1      3.62                      2.76   0.86     1.27

..................................................................


THE BURLINGTON CO CLIMATE NORMALS FOR TODAY
                         NORMAL    RECORD    YEAR
 MAXIMUM TEMPERATURE (F)   65        95      2012
 MINIMUM TEMPERATURE (F)   37        19      1924



-  INDICATES NEGATIVE NUMBERS.
R  INDICATES RECORD WAS SET OR TIED.
MM INDICATES DATA IS MISSING.
T  INDICATES TRACE AMOUNT.

$$
