000
CDUS44 KJAN 192215
CLIJAN


CLIMATE REPORT
NATIONAL WEATHER SERVICE JACKSON MS
514 PM CDT SUN APR 19 2015


...................................

...THE JACKSON CLIMATE SUMMARY FOR APRIL 19 2015...
VALID AS OF 0500 PM LOCAL TIME.

CLIMATE NORMAL PERIOD 1981 TO 2010
CLIMATE RECORD PERIOD 1896 TO 2015


WEATHER ITEM   OBSERVED TIME   RECORD YEAR NORMAL DEPARTURE LAST
                VALUE   (LST)  VALUE       VALUE  FROM      YEAR
                                                  NORMAL
..................................................................
TEMPERATURE (F)
 TODAY
  MAXIMUM         80    358 PM  92    1987  77      3       79
  MINIMUM         65    238 AM  35    1983  53     12       47
  AVERAGE         73

PRECIPITATION (IN)
  TODAY            0.33          1.72 1982   0.17   0.16     0.00
  MONTH TO DATE    3.43                      3.35   0.08    10.41
  SINCE MAR 1     10.70                      8.39   2.31    16.06
  SINCE JAN 1     20.90                     18.12   2.78    23.11

SNOWFALL (IN)
  TODAY            0.0

..................................................................










-  INDICATES NEGATIVE NUMBERS.
R  INDICATES RECORD WAS SET OR TIED.
MM INDICATES DATA IS MISSING.
T  INDICATES TRACE AMOUNT.




$$
