000
CDUS45 KBOI 260931
CLIJER


CLIMATE REPORT
NATIONAL WEATHER SERVICE BOISE ID
330 AM MDT SUN APR 26 2015


...................................

...THE JEROME ID CLIMATE SUMMARY FOR APRIL 25 2015...

CLIMATE NORMAL PERIOD 1981 TO 2010
CLIMATE RECORD PERIOD 1919 TO 2015


WEATHER ITEM   OBSERVED TIME   RECORD YEAR NORMAL DEPARTURE LAST
                VALUE   (LST)  VALUE       VALUE  FROM      YEAR
                                                  NORMAL
..................................................................
TEMPERATURE (F)
 YESTERDAY
  MAXIMUM         51    157 PM  90    1977  61    -10       57
  MINIMUM         36    628 AM  21    1950  37     -1       40
  AVERAGE         44                        49     -5       49

PRECIPITATION (IN)
  YESTERDAY        T             0.91 1994   0.04  -0.04     0.31
  MONTH TO DATE    0.17                      1.09  -0.92     0.64
  SINCE OCT 1      4.91                      7.63  -2.72     4.89
  SINCE JAN 1      2.01                      4.11  -2.10     4.29

DEGREE DAYS
 HEATING
  YESTERDAY       21                        16      5       16
  MONTH TO DATE  447                       470    -23      414
  SINCE MAR 1   1002                      1239   -237     1114
  SINCE JUL 1   5044                      6126  -1082     5782

 COOLING
  YESTERDAY        0                         0      0        0
  MONTH TO DATE    0                         0      0        0
  SINCE MAR 1      0                         0      0        0
  SINCE JAN 1      0                         0      0        0
..................................................................


WIND (MPH)
  HIGHEST WIND SPEED    20   HIGHEST WIND DIRECTION    SW (240)
  HIGHEST GUST SPEED    24   HIGHEST GUST DIRECTION    SW (230)
  AVERAGE WIND SPEED     8.4


SKY COVER
  AVERAGE SKY COVER 0.4


WEATHER CONDITIONS
 THE FOLLOWING WEATHER WAS RECORDED YESTERDAY.
  LIGHT RAIN


RELATIVE HUMIDITY (PERCENT)
 HIGHEST    82           400 AM
 LOWEST     38           200 PM
 AVERAGE    60

..........................................................


THE JEROME ID CLIMATE NORMALS FOR TODAY
                         NORMAL    RECORD    YEAR
 MAXIMUM TEMPERATURE (F)   61        88      1977
 MINIMUM TEMPERATURE (F)   37        24      1922


SUNRISE AND SUNSET
APRIL 26 2015.........SUNRISE   640 AM MDT   SUNSET   832 PM MDT
APRIL 27 2015.........SUNRISE   638 AM MDT   SUNSET   833 PM MDT


-  INDICATES NEGATIVE NUMBERS.
R  INDICATES RECORD WAS SET OR TIED.
MM INDICATES DATA IS MISSING.
T  INDICATES TRACE AMOUNT.




$$
