000
CDUS41 KOKX 040647
CLIJFK


CLIMATE REPORT
NATIONAL WEATHER SERVICE NEW YORK NY
247 AM EDT MON MAY 4 2015


...................................

...THE KENNEDY NY CLIMATE SUMMARY FOR MAY 3 2015...

CLIMATE NORMAL PERIOD 1981 TO 2010
CLIMATE RECORD PERIOD 1949 TO 2015


WEATHER ITEM   OBSERVED TIME   RECORD YEAR NORMAL DEPARTURE LAST
                VALUE   (LST)  VALUE       VALUE  FROM      YEAR
                                                  NORMAL
..................................................................
TEMPERATURE (F)
 YESTERDAY
  MAXIMUM         67    258 PM  85    2001  65      2       66
  MINIMUM         46    300 AM  40    1966  49     -3       49
                                      1964
  AVERAGE         57                        57      0       58

PRECIPITATION (IN)
  YESTERDAY        0.00          1.60 1985   0.11  -0.11      T
  MONTH TO DATE    0.00                      0.33  -0.33     0.25
  SINCE MAR 1      6.49                      7.98  -1.49    11.49
  SINCE JAN 1     14.15                     13.73   0.42    19.09

SNOWFALL (IN)
  YESTERDAY        0.0          MM      MM   0.0    0.0      0.0
  MONTH TO DATE    0.0                       0.0    0.0      0.0
  SINCE OCT 1     44.2                      23.8   20.4     45.6
  SINCE JUL 1     44.2                      23.8   20.4     45.6
  SNOW DEPTH       0

DEGREE DAYS
 HEATING
  YESTERDAY        8                         9     -1        7
  MONTH TO DATE   34                        27      7       14
  SINCE MAR 1   1236                      1167     69     1306
  SINCE JUL 1   4928                      4678    250     5013

 COOLING
  YESTERDAY        0                         0      0        0
  MONTH TO DATE    0                         0      0        0
  SINCE MAR 1      0                         3     -3        0
  SINCE JAN 1      0                         3     -3        0
..................................................................


WIND (MPH)
  HIGHEST WIND SPEED    18   HIGHEST WIND DIRECTION     S (190)
  HIGHEST GUST SPEED    22   HIGHEST GUST DIRECTION     S (200)
  AVERAGE WIND SPEED     7.6


SKY COVER
  POSSIBLE SUNSHINE  MM
  AVERAGE SKY COVER 0.4


WEATHER CONDITIONS
 THE FOLLOWING WEATHER WAS RECORDED YESTERDAY.
  NO SIGNIFICANT WEATHER WAS OBSERVED.


RELATIVE HUMIDITY (PERCENT)
 HIGHEST    83          1000 PM
 LOWEST     48           200 PM
 AVERAGE    66

..........................................................


THE KENNEDY NY CLIMATE NORMALS FOR TODAY
                         NORMAL    RECORD    YEAR
 MAXIMUM TEMPERATURE (F)   65        88      1965
 MINIMUM TEMPERATURE (F)   49        42      2005
                                             1978
                                             1967


SUNRISE AND SUNSET
MAY  4 2015...........SUNRISE   551 AM EDT   SUNSET   754 PM EDT
MAY  5 2015...........SUNRISE   549 AM EDT   SUNSET   755 PM EDT


-  INDICATES NEGATIVE NUMBERS.
R  INDICATES RECORD WAS SET OR TIED.
MM INDICATES DATA IS MISSING.
T  INDICATES TRACE AMOUNT.




$$
