000
CDUS43 KBIS 270729
CLIJMS


CLIMATE REPORT
NATIONAL WEATHER SERVICE BISMARCK ND
229 AM CDT MON APR 27 2015


...................................

...THE JAMESTOWN ND CLIMATE SUMMARY FOR APRIL 26 2015...

CLIMATE NORMAL PERIOD 1981 TO 2010
CLIMATE RECORD PERIOD 1891 TO 2015


WEATHER ITEM   OBSERVED TIME   RECORD YEAR NORMAL DEPARTURE LAST
                VALUE   (LST)  VALUE       VALUE  FROM      YEAR
                                                  NORMAL
..................................................................
TEMPERATURE (F)
 YESTERDAY
  MAXIMUM         68    322 PM  90    1952  61      7       56
  MINIMUM         39   1152 PM  18    1933  35      4       34
  AVERAGE         54                        48      6       45

PRECIPITATION (IN)
  YESTERDAY        0.00          1.60 1924   0.06  -0.06     0.01
  MONTH TO DATE    0.33                      0.96  -0.63     0.54
  SINCE MAR 1      0.94                      1.80  -0.86     0.70
  SINCE JAN 1      1.36                      2.65  -1.29     1.09

DEGREE DAYS
 HEATING
  YESTERDAY       11                        17     -6       20
  MONTH TO DATE  552                       611    -59      681
  SINCE MAR 1   1544                      1772   -228     1952
  SINCE JUL 1   8281                      8531   -250     9220

 COOLING
  YESTERDAY        0                         0      0        0
  MONTH TO DATE    0                         0      0        0
  SINCE MAR 1      0                         0      0        0
  SINCE JAN 1      0                         0      0        0
..................................................................


WIND (MPH)
  HIGHEST WIND SPEED    15   HIGHEST WIND DIRECTION    SE (120)
  HIGHEST GUST SPEED    18   HIGHEST GUST DIRECTION    SE (120)
  AVERAGE WIND SPEED     6.5


SKY COVER
  POSSIBLE SUNSHINE  MM
  AVERAGE SKY COVER 0.4


WEATHER CONDITIONS
 THE FOLLOWING WEATHER WAS RECORDED YESTERDAY.
  NO SIGNIFICANT WEATHER WAS OBSERVED.


RELATIVE HUMIDITY (PERCENT)
 HIGHEST    76          1200 AM
 LOWEST     28           400 PM
 AVERAGE    52

..........................................................


THE JAMESTOWN ND CLIMATE NORMALS FOR TODAY
                         NORMAL    RECORD    YEAR
 MAXIMUM TEMPERATURE (F)   61        94      1952
 MINIMUM TEMPERATURE (F)   35        13      1909


SUNRISE AND SUNSET
APRIL 27 2015.........SUNRISE   626 AM CDT   SUNSET   839 PM CDT
APRIL 28 2015.........SUNRISE   625 AM CDT   SUNSET   841 PM CDT


-  INDICATES NEGATIVE NUMBERS.
R  INDICATES RECORD WAS SET OR TIED.
MM INDICATES DATA IS MISSING.
T  INDICATES TRACE AMOUNT.




$$
