000
CDUS43 KIND 280532
CLILAF


CLIMATE REPORT
NATIONAL WEATHER SERVICE INDIANAPOLIS IN
132 AM EDT TUE APR 28 2015


...................................

...THE LAFAYETTE IN CLIMATE SUMMARY FOR APRIL 27 2015...

CLIMATE NORMAL PERIOD 1981 TO 2010
CLIMATE RECORD PERIOD 9999 TO 9999


WEATHER ITEM   OBSERVED TIME   NORMAL DEPARTURE LAST
                VALUE   (LST)  VALUE  FROM      YEAR
                                      NORMAL
......................................................
TEMPERATURE (F)
 YESTERDAY
  MAXIMUM         56    226 PM  67    -11       71
  MINIMUM         33    629 AM  44    -11       44
  AVERAGE         45            56    -11       58

PRECIPITATION (IN)
  YESTERDAY        0.00          0.13  -0.13      T
  MONTH TO DATE    2.30          3.15  -0.85     3.86
  SINCE MAR 1      3.08          5.82  -2.74     5.36
  SINCE JAN 1      4.81          9.44  -4.63     8.70

DEGREE DAYS
 HEATING
  YESTERDAY       20            10     10        7
  MONTH TO DATE  352           378    -26      390
  SINCE MAR 1   1237          1129    108     1378
  SINCE JUL 1   6315          5463    852     6340

 COOLING
  YESTERDAY        0             1     -1        0
  MONTH TO DATE    2             9     -7        1
  SINCE MAR 1      2            10     -8        1
  SINCE JAN 1      2            10     -8        1
......................................................


WIND (MPH)
  HIGHEST WIND SPEED    24   HIGHEST WIND DIRECTION     N (20)
  HIGHEST GUST SPEED    34   HIGHEST GUST DIRECTION    NE (50)
  AVERAGE WIND SPEED    11.2


SKY COVER
  AVERAGE SKY COVER 0.2


WEATHER CONDITIONS
 THE FOLLOWING WEATHER WAS RECORDED YESTERDAY.
  NO SIGNIFICANT WEATHER WAS OBSERVED.


RELATIVE HUMIDITY (PERCENT)
 HIGHEST    96           600 AM
 LOWEST     46           600 PM
 AVERAGE    71

..........................................................


THE LAFAYETTE IN CLIMATE NORMALS FOR TODAY
                         NORMAL
 MAXIMUM TEMPERATURE (F)   67
 MINIMUM TEMPERATURE (F)   45


SUNRISE AND SUNSET
APRIL 28 2015.........SUNRISE   651 AM EDT   SUNSET   840 PM EDT
APRIL 29 2015.........SUNRISE   650 AM EDT   SUNSET   841 PM EDT


-  INDICATES NEGATIVE NUMBERS.
R  INDICATES RECORD WAS SET OR TIED.
MM INDICATES DATA IS MISSING.
T  INDICATES TRACE AMOUNT.




$$
