000
CDUS43 KGRR 190518
CLILAN


CLIMATE REPORT
NATIONAL WEATHER SERVICE GRAND RAPIDS, MI
117 AM EDT SUN APR 19 2015


...................................

...THE LANSING MI CLIMATE SUMMARY FOR APRIL 18 2015...

CLIMATE NORMAL PERIOD 1981 TO 2010
CLIMATE RECORD PERIOD 1864 TO 2015


WEATHER ITEM   OBSERVED TIME   RECORD YEAR NORMAL DEPARTURE LAST
                VALUE   (LST)  VALUE       VALUE  FROM      YEAR
                                                  NORMAL
..................................................................
TEMPERATURE (F)
 YESTERDAY
  MAXIMUM         70   1121 AM  86    2002  59     11       61
  MINIMUM         45   1158 PM   8    1875  38      7       38
  AVERAGE         58                        48     10       50

PRECIPITATION (IN)
  YESTERDAY        0.00          2.53 1975   0.10  -0.10     0.01
  MONTH TO DATE    0.81                      1.84  -1.03     0.82
  SINCE MAR 1      1.55                      3.90  -2.35     2.51
  SINCE JAN 1      3.80                      7.02  -3.22     6.43

SNOWFALL (IN)
  YESTERDAY        0.0           1.0  1875   0.1   -0.1      0.0
  MONTH TO DATE    0.0                       1.6   -1.6      0.7
  SINCE MAR 1      1.9                       8.6   -6.7     11.1
  SINCE JUL 1     35.6                      50.8  -15.2     69.1
  SNOW DEPTH       0

DEGREE DAYS
 HEATING
  YESTERDAY        7                        17    -10       15
  MONTH TO DATE  287                       360    -73      363
  SINCE MAR 1   1278                      1289    -11     1573
  SINCE JUL 1   6772                      6224    548     7114

 COOLING
  YESTERDAY        0                         0      0        0
  MONTH TO DATE    0                         0      0        0
  SINCE MAR 1      0                         1     -1        0
  SINCE JAN 1      0                         1     -1        0
..................................................................


WIND (MPH)
  RESULTANT WIND SPEED   8   RESULTANT WIND DIRECTION  NE (50)
  HIGHEST WIND SPEED    23   HIGHEST WIND DIRECTION    NE (50)
  HIGHEST GUST SPEED    29   HIGHEST GUST DIRECTION    NE (40)
  AVERAGE WIND SPEED     9.6


SKY COVER
  AVERAGE SKY COVER 0.0


WEATHER CONDITIONS
 THE FOLLOWING WEATHER WAS RECORDED YESTERDAY.
  NO SIGNIFICANT WEATHER WAS OBSERVED.


RELATIVE HUMIDITY (PERCENT)
 HIGHEST    80           400 AM
 LOWEST     20           400 PM
 AVERAGE    50

..........................................................


THE LANSING MI CLIMATE NORMALS FOR TODAY
                         NORMAL    RECORD    YEAR
 MAXIMUM TEMPERATURE (F)   59        81      2005
                                             1985
                                             1958
 MINIMUM TEMPERATURE (F)   38        14      1897


SUNRISE AND SUNSET
APRIL 19 2015.........SUNRISE   651 AM EDT   SUNSET   825 PM EDT
APRIL 20 2015.........SUNRISE   649 AM EDT   SUNSET   826 PM EDT


-  INDICATES NEGATIVE NUMBERS.
R  INDICATES RECORD WAS SET OR TIED.
MM INDICATES DATA IS MISSING.
T  INDICATES TRACE AMOUNT.




$$
