000
CDUS45 KVEF 270831
CLILAS


CLIMATE REPORT
NATIONAL WEATHER SERVICE LAS VEGAS, NV
130 AM PDT MON APR 27 2015


...................................

...THE LAS VEGAS NV CLIMATE SUMMARY FOR APRIL 26 2015...

CLIMATE NORMAL PERIOD 1981 TO 2010
CLIMATE RECORD PERIOD 1937 TO 2015


WEATHER ITEM   OBSERVED TIME   RECORD YEAR NORMAL DEPARTURE LAST
                VALUE   (LST)  VALUE       VALUE  FROM      YEAR
                                                  NORMAL
..................................................................
TEMPERATURE (F)
 YESTERDAY
  MAXIMUM         74    414 PM  97    1996  82     -8       70
  MINIMUM         55   1234 AM  42    1967  59     -4       51
                                      1937
  AVERAGE         65                        70     -5       61

PRECIPITATION (IN)
  YESTERDAY        0.00          0.05 1963   0.01  -0.01      T
  MONTH TO DATE    0.26                      0.14   0.12      T
  SINCE OCT 1      2.25                      3.01  -0.76     1.72
  SINCE JAN 1      1.95                      1.88   0.07     0.30

SNOWFALL (IN)
  YESTERDAY        0.0           0.0    MM   0.0    0.0      0.0
  MONTH TO DATE    0.0                       0.0    0.0      0.0
  SINCE MAR 1      0.0                       0.0    0.0      0.0
  SINCE JUL 1      T                         0.3   -0.3      0.0
  SNOW DEPTH       0

DEGREE DAYS
 HEATING
  YESTERDAY        0                         1     -1        4
  MONTH TO DATE   26                        60    -34       39
  SINCE MAR 1    102                       249   -147      124
  SINCE JUL 1   1209                      1940   -731     1510

 COOLING
  YESTERDAY        0                         7     -7        0
  MONTH TO DATE   98                       100     -2      180
  SINCE MAR 1    236                       130    106      211
  SINCE JAN 1    246                       131    115      214
..................................................................


WIND (MPH)
  RESULTANT WIND SPEED  13   RESULTANT WIND DIRECTION  NW (320)
  HIGHEST WIND SPEED    26   HIGHEST WIND DIRECTION     W (280)
  HIGHEST GUST SPEED    34   HIGHEST GUST DIRECTION    NW (300)
  AVERAGE WIND SPEED    14.8


SKY COVER
  POSSIBLE SUNSHINE  MM
  AVERAGE SKY COVER 0.3


WEATHER CONDITIONS
 THE FOLLOWING WEATHER WAS RECORDED YESTERDAY.
  NO SIGNIFICANT WEATHER WAS OBSERVED.


RELATIVE HUMIDITY (PERCENT)
 HIGHEST    59          1200 AM
 LOWEST     11           300 PM
 AVERAGE    35

..........................................................


THE LAS VEGAS NV CLIMATE NORMALS FOR TODAY
                         NORMAL    RECORD    YEAR
 MAXIMUM TEMPERATURE (F)   82        99      2000
 MINIMUM TEMPERATURE (F)   60        39      1984


SUNRISE AND SUNSET
APRIL 27 2015.........SUNRISE   553 AM PDT   SUNSET   724 PM PDT
APRIL 28 2015.........SUNRISE   552 AM PDT   SUNSET   725 PM PDT


-  INDICATES NEGATIVE NUMBERS.
R  INDICATES RECORD WAS SET OR TIED.
MM INDICATES DATA IS MISSING.
T  INDICATES TRACE AMOUNT.




$$
