000
CDUS42 KILM 180841
CLILBT


CLIMATE REPORT
NATIONAL WEATHER SERVICE WILMINGTON NC
441 AM EDT SAT APR 18 2015


...................................

...THE LUMBERTON NC CLIMATE SUMMARY FOR APRIL 17 2015...

CLIMATE NORMAL PERIOD 1981 TO 2010
CLIMATE RECORD PERIOD 9999 TO 9999


WEATHER ITEM   OBSERVED TIME   NORMAL DEPARTURE LAST
                VALUE   (LST)  VALUE  FROM      YEAR
                                      NORMAL
......................................................
TEMPERATURE (F)
 YESTERDAY
  MAXIMUM         77    322 PM  75      2       67
  MINIMUM         61    436 AM  49     12       36
  AVERAGE         69            62      7       52

PRECIPITATION (IN)
  YESTERDAY        0.00          0.08  -0.08     0.00
  MONTH TO DATE    1.08          1.67  -0.59     1.39
  SINCE MAR 1      4.56          5.00  -0.44     4.81
  SINCE JAN 1     14.02         10.87   3.15    10.88

SNOWFALL (IN)
  YESTERDAY       MM
  MONTH TO DATE   MM
  SINCE MAR 1     MM
  SINCE JUL 1     MM
  SNOW DEPTH      MM

DEGREE DAYS
 HEATING
  YESTERDAY        0             5     -5       13
  MONTH TO DATE   46           106    -60       73
  SINCE MAR 1    350           452   -102      585
  SINCE JUL 1   2714          2682     32     2881

 COOLING
  YESTERDAY        4             2      2        0
  MONTH TO DATE   59            26     33       20
  SINCE MAR 1     74            36     38       21
  SINCE JAN 1     74            39     35       22
......................................................


WIND (MPH)
  HIGHEST WIND SPEED     8   HIGHEST WIND DIRECTION     N (350)
  HIGHEST GUST SPEED    14   HIGHEST GUST DIRECTION     N (10)
  AVERAGE WIND SPEED     2.4


SKY COVER
  POSSIBLE SUNSHINE  MM
  AVERAGE SKY COVER 0.6


WEATHER CONDITIONS
 THE FOLLOWING WEATHER WAS RECORDED YESTERDAY.
  FOG


RELATIVE HUMIDITY (PERCENT)
 HIGHEST    93           200 AM
 LOWEST     69           300 PM
 AVERAGE    81

..........................................................


THE LUMBERTON NC CLIMATE NORMALS FOR TODAY
                         NORMAL
 MAXIMUM TEMPERATURE (F)   75
 MINIMUM TEMPERATURE (F)   50


SUNRISE AND SUNSET
APRIL 18 2015.........SUNRISE   641 AM EDT   SUNSET   751 PM EDT
APRIL 19 2015.........SUNRISE   640 AM EDT   SUNSET   751 PM EDT


-  INDICATES NEGATIVE NUMBERS.
R  INDICATES RECORD WAS SET OR TIED.
MM INDICATES DATA IS MISSING.
T  INDICATES TRACE AMOUNT.




$$
