000
CDUS46 KLOX 260915
CLILGB


CLIMATE REPORT
NATIONAL WEATHER SERVICE LOS ANGELES/OXNARD CA
215 AM PDT SUN APR 26 2015


...................................

...THE LONG BEACH AIRPORT CA CLIMATE SUMMARY FOR APRIL 25 2015...

CLIMATE NORMAL PERIOD 1981 TO 2010
CLIMATE RECORD PERIOD 1958 TO 2015


WEATHER ITEM   OBSERVED TIME   RECORD YEAR NORMAL DEPARTURE LAST
                VALUE   (LST)  VALUE       VALUE  FROM      YEAR
                                                  NORMAL
..................................................................
TEMPERATURE (F)
 YESTERDAY
  MAXIMUM         66    441 PM  91    2004  73     -7       69
  MINIMUM         56   1159 PM  44    1974  55      1       54
                                      1960
  AVERAGE         61                        64     -3       62

PRECIPITATION (IN)
  YESTERDAY        0.01          0.67 1959   0.02  -0.01     0.17
  MONTH TO DATE    0.22                      0.54  -0.32     0.37
  SINCE OCT 1      7.08                     11.68  -4.60     4.43
  SINCE JAN 1      1.82                      8.10  -6.28     3.19

SNOWFALL (IN)
  YESTERDAY        0.0
  MONTH TO DATE    0.0
  SINCE MAR 1      0.0
  SINCE JUL 1      0.0

DEGREE DAYS
 HEATING
  YESTERDAY        4                         3      1        3
  MONTH TO DATE   34                        94    -60       46
  SINCE MAR 1     76                       273   -197      124
  SINCE JUL 1    499                      1164   -665      702

 COOLING
  YESTERDAY        0                         1     -1        0
  MONTH TO DATE   32                        25      7       38
  SINCE MAR 1    150                        35    115       61
  SINCE JAN 1    187                        43    144       76
..................................................................


WIND (MPH)
  HIGHEST WIND SPEED    24   HIGHEST WIND DIRECTION     W (280)
  HIGHEST GUST SPEED    31   HIGHEST GUST DIRECTION     W (270)
  AVERAGE WIND SPEED     8.8


SKY COVER
  POSSIBLE SUNSHINE  MM
  AVERAGE SKY COVER 0.6


WEATHER CONDITIONS
 THE FOLLOWING WEATHER WAS RECORDED YESTERDAY.
  LIGHT RAIN
  FOG


RELATIVE HUMIDITY (PERCENT)
 HIGHEST    77          1100 PM
 LOWEST     56          1000 AM
 AVERAGE    67

..........................................................


THE LONG BEACH AIRPORT CA CLIMATE NORMALS FOR TODAY
                         NORMAL    RECORD    YEAR
 MAXIMUM TEMPERATURE (F)   73       101      2004
 MINIMUM TEMPERATURE (F)   55        45      1967
                                             1964
                                             1960


SUNRISE AND SUNSET
APRIL 26 2015.........SUNRISE   609 AM PDT   SUNSET   732 PM PDT
APRIL 27 2015.........SUNRISE   608 AM PDT   SUNSET   733 PM PDT


-  INDICATES NEGATIVE NUMBERS.
R  INDICATES RECORD WAS SET OR TIED.
MM INDICATES DATA IS MISSING.
T  INDICATES TRACE AMOUNT.




$$
