000
CDUS45 KRIW 010739
CLILND


CLIMATE REPORT
NATIONAL WEATHER SERVICE RIVERTON WY
128 AM MDT WED APR 1 2015


...................................

...THE LANDER WY CLIMATE SUMMARY FOR MARCH 31 2015...

CLIMATE NORMAL PERIOD 1981 TO 2010
CLIMATE RECORD PERIOD 1891 TO 2015


WEATHER ITEM   OBSERVED TIME   RECORD YEAR NORMAL DEPARTURE LAST
                VALUE   (LST)  VALUE       VALUE  FROM      YEAR
                                                  NORMAL
..................................................................
TEMPERATURE (F)
 YESTERDAY
  MAXIMUM         76R       MM  76    2012  52     24       44
  MINIMUM         36        MM   2    1977  28      8       26
  AVERAGE         56                        40     16       35

PRECIPITATION (IN)
  YESTERDAY        0.00          1.12 1904   0.05  -0.05      T
  MONTH TO DATE    0.55                      1.16  -0.61     1.18
  SINCE MAR 1      0.55                      1.16  -0.61     1.18
  SINCE JAN 1      2.11                      2.15  -0.04     1.98

SNOWFALL (IN)
  YESTERDAY        0.0                       0.6   -0.6      0.2
  MONTH TO DATE    8.9                      16.1   -7.2     13.9
  SINCE MAR 1      8.9                      16.1   -7.2     13.9
  SINCE JUL 1     62.8                      69.7   -6.9     69.2
  SNOW DEPTH       0

DEGREE DAYS
 HEATING
  YESTERDAY        9                        25    -16       30
  MONTH TO DATE  765                       915   -150      895
  SINCE MAR 1    765                       915   -150      895
  SINCE JUL 1   5889                      6619   -730     6631

 COOLING
  YESTERDAY        0                         0      0        0
  MONTH TO DATE    0                         0      0        0
  SINCE MAR 1      0                         0      0        0
  SINCE JAN 1      0                         0      0        0
..................................................................


WIND (MPH)
  HIGHEST WIND SPEED    31   HIGHEST WIND DIRECTION     W (250)
  HIGHEST GUST SPEED    46   HIGHEST GUST DIRECTION     W (280)
  AVERAGE WIND SPEED     7.4


SKY COVER
  POSSIBLE SUNSHINE  MM
  AVERAGE SKY COVER 0.0


WEATHER CONDITIONS
 THE FOLLOWING WEATHER WAS RECORDED YESTERDAY.
  NO SIGNIFICANT WEATHER WAS OBSERVED.


RELATIVE HUMIDITY (PERCENT)
 HIGHEST    41           800 AM
 LOWEST     10           600 PM
 AVERAGE    26

..........................................................


THE LANDER WY CLIMATE NORMALS FOR TODAY
                         NORMAL    RECORD    YEAR
 MAXIMUM TEMPERATURE (F)   52        72      2004
 MINIMUM TEMPERATURE (F)   28        -3      1936


SUNRISE AND SUNSET
APRIL  1 2015.........SUNRISE   657 AM MDT   SUNSET   741 PM MDT
APRIL  2 2015.........SUNRISE   656 AM MDT   SUNSET   742 PM MDT


-  INDICATES NEGATIVE NUMBERS.
R  INDICATES RECORD WAS SET OR TIED.
MM INDICATES DATA IS MISSING.
T  INDICATES TRACE AMOUNT.




$$
