000
CDUS43 KOAX 050634
CLILNK


CLIMATE REPORT
NATIONAL WEATHER SERVICE OMAHA NEBRASKA
133 AM CDT TUE MAY 5 2015


...................................

...THE LINCOLN, NEBRASKA CLIMATE SUMMARY FOR MAY 4 2015...

CLIMATE NORMAL PERIOD 1981 TO 2010
CLIMATE RECORD PERIOD 1887 TO 2015


WEATHER ITEM   OBSERVED TIME   RECORD YEAR NORMAL DEPARTURE LAST
                VALUE   (LST)  VALUE       VALUE  FROM      YEAR
                                                  NORMAL
..................................................................
TEMPERATURE (F)
 YESTERDAY
  MAXIMUM         64   1259 AM  91    1952  70     -6       74
  MINIMUM         55    612 AM  30    1944  46      9       52
                                      1907
  AVERAGE         60                        58      2       63

PRECIPITATION (IN)
  YESTERDAY        0.13          2.47 1959   0.14  -0.01     0.00
  MONTH TO DATE    0.51                      0.52  -0.01      T
  SINCE MAR 1      3.27                      5.16  -1.89     3.63
  SINCE JAN 1      5.11                      6.57  -1.46     4.49

SNOWFALL (IN)
  YESTERDAY        0.0                       0.1   -0.1      0.0
  MONTH TO DATE    0.0                       0.1   -0.1      0.0
  SINCE JUL 1     21.9                      26.0   -4.1     18.2
  SNOW DEPTH       0

DEGREE DAYS
 HEATING
  YESTERDAY        5                         8     -3        2
  MONTH TO DATE    7                        33    -26       31
  SINCE MAR 1   1003                      1223   -220     1262
  SINCE JUL 1   5690                      5926   -236     6379

 COOLING
  YESTERDAY        0                         1     -1        0
  MONTH TO DATE   12                         4      8        0
  SINCE MAR 1     17                        18     -1       15
  SINCE JAN 1     17                        18     -1       15
..................................................................


WIND (MPH)
  HIGHEST WIND SPEED    25   HIGHEST WIND DIRECTION    NE (040)
  HIGHEST GUST SPEED    31   HIGHEST GUST DIRECTION    NE (040)
  AVERAGE WIND SPEED    10.7


SKY COVER
  POSSIBLE SUNSHINE  MM
  AVERAGE SKY COVER 0.9


WEATHER CONDITIONS
 THE FOLLOWING WEATHER WAS RECORDED YESTERDAY.
  THUNDERSTORM
  LIGHT RAIN
  FOG


RELATIVE HUMIDITY (PERCENT)
 HIGHEST    90           900 PM
 LOWEST     72          1200 AM
 AVERAGE    81

..........................................................


THE LINCOLN, NEBRASKA CLIMATE NORMALS FOR TODAY
                         NORMAL    RECORD    YEAR
 MAXIMUM TEMPERATURE (F)   71        97      1909
 MINIMUM TEMPERATURE (F)   47        31      1944


SUNRISE AND SUNSET
MAY  5 2015...........SUNRISE   621 AM CDT   SUNSET   827 PM CDT
MAY  6 2015...........SUNRISE   619 AM CDT   SUNSET   828 PM CDT


-  INDICATES NEGATIVE NUMBERS.
R  INDICATES RECORD WAS SET OR TIED.
MM INDICATES DATA IS MISSING.
T  INDICATES TRACE AMOUNT.




$$
