000
CDUS45 KTFX 180914
CLILWT


CLIMATE REPORT
NATIONAL WEATHER SERVICE GREAT FALLS MT
313 AM MDT SAT APR 18 2015


...................................

...THE LEWISTOWN MT CLIMATE SUMMARY FOR APRIL 17 2015...

CLIMATE NORMAL PERIOD 1981 TO 2010
CLIMATE RECORD PERIOD 1896 TO 2015


WEATHER ITEM   OBSERVED TIME   RECORD YEAR NORMAL DEPARTURE LAST
                VALUE   (LST)  VALUE       VALUE  FROM      YEAR
                                                  NORMAL
..................................................................
TEMPERATURE (F)
 YESTERDAY
  MAXIMUM         67    340 PM  81    1923  54     13       54
  MINIMUM         29    524 AM   4    1896  29      0       25
  AVERAGE         48                        42      6       40

PRECIPITATION (IN)
  YESTERDAY        0.00          0.90 1903   0.04  -0.04      T
  MONTH TO DATE    0.78                      0.72   0.06     0.33
  SINCE OCT 1      5.39                      5.22   0.17     5.16
  SINCE JAN 1      3.08                      2.72   0.36     3.08

SNOWFALL (IN)
  YESTERDAY       MM
  SNOW DEPTH       T

DEGREE DAYS
 HEATING
  YESTERDAY       17                        23     -6       25
  MONTH TO DATE  406                       431    -25      450
  SINCE MAR 1   1099                      1426   -327     1567
  SINCE JUL 1   6297                      7230   -933     7623

 COOLING
  YESTERDAY        0                         0      0        0
  MONTH TO DATE    0                         0      0        0
  SINCE MAR 1      0                         0      0        0
  SINCE JAN 1      0                         0      0        0
..................................................................


WIND (MPH)
  HIGHEST WIND SPEED    16   HIGHEST WIND DIRECTION     E (90)
  HIGHEST GUST SPEED    20   HIGHEST GUST DIRECTION     E (90)
  AVERAGE WIND SPEED     6.9


SKY COVER
  AVERAGE SKY COVER 0.0


WEATHER CONDITIONS
 THE FOLLOWING WEATHER WAS RECORDED YESTERDAY.
  NO SIGNIFICANT WEATHER WAS OBSERVED.


RELATIVE HUMIDITY (PERCENT)
 HIGHEST    72           100 AM
 LOWEST     22           500 PM
 AVERAGE    47

..........................................................


THE LEWISTOWN MT CLIMATE NORMALS FOR TODAY
                         NORMAL    RECORD    YEAR
 MAXIMUM TEMPERATURE (F)   54        81      1936
 MINIMUM TEMPERATURE (F)   30         5      1951


SUNRISE AND SUNSET
APRIL 18 2015.........SUNRISE   625 AM MDT   SUNSET   811 PM MDT
APRIL 19 2015.........SUNRISE   623 AM MDT   SUNSET   812 PM MDT


-  INDICATES NEGATIVE NUMBERS.
R  INDICATES RECORD WAS SET OR TIED.
MM INDICATES DATA IS MISSING.
T  INDICATES TRACE AMOUNT.




$$
